{"id":97,"date":"2024-07-22T20:56:29","date_gmt":"2024-07-22T18:56:29","guid":{"rendered":"https:\/\/galeriafernandez-braso.com\/?post_type=obra&#038;p=97"},"modified":"2025-12-17T12:21:01","modified_gmt":"2025-12-17T11:21:01","slug":"plenitud-y-vacio-i-2023","status":"publish","type":"obra","link":"https:\/\/galeriafernandez-braso.com\/en\/obra\/plenitud-y-vacio-i-2023\/","title":{"rendered":"Fullness and emptiness I, 2023"},"content":{"rendered":"<p>Steel cort\u00e9n, and rusty iron<br>Available in two sizes:<br>170 x 230\u00a0x 15 cm. <br>80 x 116 x 10 cm. <\/p>","protected":false},"excerpt":{"rendered":"<p>Acero cort\u00e9n y hierro oxidadosDisponible en dos medidas:170 x 230\u00a0x 15 cm. 80 x 116 x 10 cm.<\/p>","protected":false},"author":1,"featured_media":98,"parent":0,"menu_order":0,"template":"","format":"standard","meta":{"_acf_changed":false,"_monsterinsights_skip_tracking":false,"_monsterinsights_sitenote_active":false,"_monsterinsights_sitenote_note":"","_monsterinsights_sitenote_category":0,"footnotes":""},"categories":[],"autor":[2],"exposicion":[],"class_list":["post-97","obra","type-obra","status-publish","format-standard","has-post-thumbnail","hentry","autor-cristina-almodovar"],"acf":[],"yoast_head":"<!-- This site is optimized with the Yoast SEO plugin v27.5 - https:\/\/yoast.com\/product\/yoast-seo-wordpress\/ -->\n<title>Plenitud y vac\u00edo I, 2023 - Galer\u00eda Fernandez Braso<\/title>\n<meta name=\"robots\" content=\"index, follow, max-snippet:-1, max-image-preview:large, max-video-preview:-1\" \/>\n<link rel=\"canonical\" href=\"https:\/\/galeriafernandez-braso.com\/en\/obra\/plenitud-y-vacio-i-2023\/\" \/>\n<meta property=\"og:locale\" content=\"en_GB\" \/>\n<meta property=\"og:type\" content=\"article\" \/>\n<meta property=\"og:title\" content=\"Plenitud y vac\u00edo I, 2023 - Galer\u00eda Fernandez Braso\" \/>\n<meta property=\"og:description\" content=\"Acero cort\u00e9n y hierro oxidadosDisponible en dos medidas:170 x 230\u00a0x 15 cm. 80 x 116 x 10 cm.\" \/>\n<meta property=\"og:url\" content=\"https:\/\/galeriafernandez-braso.com\/en\/obra\/plenitud-y-vacio-i-2023\/\" \/>\n<meta property=\"og:site_name\" content=\"Galer\u00eda Fernandez Braso\" \/>\n<meta property=\"article:modified_time\" content=\"2025-12-17T11:21:01+00:00\" \/>\n<meta property=\"og:image\" content=\"https:\/\/galeriafernandez-braso.com\/wp-content\/uploads\/2024\/07\/Plenitud-y-vacio-scaled-1.jpg\" \/>\n\t<meta property=\"og:image:width\" content=\"2560\" \/>\n\t<meta property=\"og:image:height\" content=\"2097\" \/>\n\t<meta property=\"og:image:type\" content=\"image\/jpeg\" \/>\n<meta name=\"twitter:card\" content=\"summary_large_image\" \/>\n<meta name=\"twitter:label1\" content=\"Estimated reading time\" \/>\n\t<meta name=\"twitter:data1\" content=\"1 minute\" \/>\n<script type=\"application\/ld+json\" class=\"yoast-schema-graph\">{\"@context\":\"https:\\\/\\\/schema.org\",\"@graph\":[{\"@type\":\"WebPage\",\"@id\":\"https:\\\/\\\/galeriafernandez-braso.com\\\/obra\\\/plenitud-y-vacio-i-2023\\\/\",\"url\":\"https:\\\/\\\/galeriafernandez-braso.com\\\/obra\\\/plenitud-y-vacio-i-2023\\\/\",\"name\":\"Plenitud y vac\u00edo I, 2023 - Galer\u00eda Fernandez Braso\",\"isPartOf\":{\"@id\":\"https:\\\/\\\/galeriafernandez-braso.com\\\/#website\"},\"primaryImageOfPage\":{\"@id\":\"https:\\\/\\\/galeriafernandez-braso.com\\\/obra\\\/plenitud-y-vacio-i-2023\\\/#primaryimage\"},\"image\":{\"@id\":\"https:\\\/\\\/galeriafernandez-braso.com\\\/obra\\\/plenitud-y-vacio-i-2023\\\/#primaryimage\"},\"thumbnailUrl\":\"https:\\\/\\\/galeriafernandez-braso.com\\\/wp-content\\\/uploads\\\/2024\\\/07\\\/Plenitud-y-vacio-scaled-1.jpg\",\"datePublished\":\"2024-07-22T18:56:29+00:00\",\"dateModified\":\"2025-12-17T11:21:01+00:00\",\"breadcrumb\":{\"@id\":\"https:\\\/\\\/galeriafernandez-braso.com\\\/obra\\\/plenitud-y-vacio-i-2023\\\/#breadcrumb\"},\"inLanguage\":\"en-GB\",\"potentialAction\":[{\"@type\":\"ReadAction\",\"target\":[\"https:\\\/\\\/galeriafernandez-braso.com\\\/obra\\\/plenitud-y-vacio-i-2023\\\/\"]}]},{\"@type\":\"ImageObject\",\"inLanguage\":\"en-GB\",\"@id\":\"https:\\\/\\\/galeriafernandez-braso.com\\\/obra\\\/plenitud-y-vacio-i-2023\\\/#primaryimage\",\"url\":\"https:\\\/\\\/galeriafernandez-braso.com\\\/wp-content\\\/uploads\\\/2024\\\/07\\\/Plenitud-y-vacio-scaled-1.jpg\",\"contentUrl\":\"https:\\\/\\\/galeriafernandez-braso.com\\\/wp-content\\\/uploads\\\/2024\\\/07\\\/Plenitud-y-vacio-scaled-1.jpg\",\"width\":2560,\"height\":2097},{\"@type\":\"BreadcrumbList\",\"@id\":\"https:\\\/\\\/galeriafernandez-braso.com\\\/obra\\\/plenitud-y-vacio-i-2023\\\/#breadcrumb\",\"itemListElement\":[{\"@type\":\"ListItem\",\"position\":1,\"name\":\"Portada\",\"item\":\"https:\\\/\\\/galeriafernandez-braso.com\\\/\"},{\"@type\":\"ListItem\",\"position\":2,\"name\":\"Obras\",\"item\":\"https:\\\/\\\/galeriafernandez-braso.com\\\/obra\\\/\"},{\"@type\":\"ListItem\",\"position\":3,\"name\":\"Plenitud y vac\u00edo I, 2023\"}]},{\"@type\":\"WebSite\",\"@id\":\"https:\\\/\\\/galeriafernandez-braso.com\\\/#website\",\"url\":\"https:\\\/\\\/galeriafernandez-braso.com\\\/\",\"name\":\"Galer\u00eda Fernandez Braso\",\"description\":\"\",\"potentialAction\":[{\"@type\":\"SearchAction\",\"target\":{\"@type\":\"EntryPoint\",\"urlTemplate\":\"https:\\\/\\\/galeriafernandez-braso.com\\\/?s={search_term_string}\"},\"query-input\":{\"@type\":\"PropertyValueSpecification\",\"valueRequired\":true,\"valueName\":\"search_term_string\"}}],\"inLanguage\":\"en-GB\"}]}<\/script>\n<!-- \/ Yoast SEO plugin. -->","yoast_head_json":{"title":"Plenitud y vac\u00edo I, 2023 - Galer\u00eda Fernandez Braso","robots":{"index":"index","follow":"follow","max-snippet":"max-snippet:-1","max-image-preview":"max-image-preview:large","max-video-preview":"max-video-preview:-1"},"canonical":"https:\/\/galeriafernandez-braso.com\/en\/obra\/plenitud-y-vacio-i-2023\/","og_locale":"en_GB","og_type":"article","og_title":"Plenitud y vac\u00edo I, 2023 - Galer\u00eda Fernandez Braso","og_description":"Acero cort\u00e9n y hierro oxidadosDisponible en dos medidas:170 x 230\u00a0x 15 cm. 80 x 116 x 10 cm.","og_url":"https:\/\/galeriafernandez-braso.com\/en\/obra\/plenitud-y-vacio-i-2023\/","og_site_name":"Galer\u00eda Fernandez Braso","article_modified_time":"2025-12-17T11:21:01+00:00","og_image":[{"width":2560,"height":2097,"url":"https:\/\/galeriafernandez-braso.com\/wp-content\/uploads\/2024\/07\/Plenitud-y-vacio-scaled-1.jpg","type":"image\/jpeg"}],"twitter_card":"summary_large_image","twitter_misc":{"Estimated reading time":"1 minute"},"schema":{"@context":"https:\/\/schema.org","@graph":[{"@type":"WebPage","@id":"https:\/\/galeriafernandez-braso.com\/obra\/plenitud-y-vacio-i-2023\/","url":"https:\/\/galeriafernandez-braso.com\/obra\/plenitud-y-vacio-i-2023\/","name":"Plenitud y vac\u00edo I, 2023 - Galer\u00eda Fernandez Braso","isPartOf":{"@id":"https:\/\/galeriafernandez-braso.com\/#website"},"primaryImageOfPage":{"@id":"https:\/\/galeriafernandez-braso.com\/obra\/plenitud-y-vacio-i-2023\/#primaryimage"},"image":{"@id":"https:\/\/galeriafernandez-braso.com\/obra\/plenitud-y-vacio-i-2023\/#primaryimage"},"thumbnailUrl":"https:\/\/galeriafernandez-braso.com\/wp-content\/uploads\/2024\/07\/Plenitud-y-vacio-scaled-1.jpg","datePublished":"2024-07-22T18:56:29+00:00","dateModified":"2025-12-17T11:21:01+00:00","breadcrumb":{"@id":"https:\/\/galeriafernandez-braso.com\/obra\/plenitud-y-vacio-i-2023\/#breadcrumb"},"inLanguage":"en-GB","potentialAction":[{"@type":"ReadAction","target":["https:\/\/galeriafernandez-braso.com\/obra\/plenitud-y-vacio-i-2023\/"]}]},{"@type":"ImageObject","inLanguage":"en-GB","@id":"https:\/\/galeriafernandez-braso.com\/obra\/plenitud-y-vacio-i-2023\/#primaryimage","url":"https:\/\/galeriafernandez-braso.com\/wp-content\/uploads\/2024\/07\/Plenitud-y-vacio-scaled-1.jpg","contentUrl":"https:\/\/galeriafernandez-braso.com\/wp-content\/uploads\/2024\/07\/Plenitud-y-vacio-scaled-1.jpg","width":2560,"height":2097},{"@type":"BreadcrumbList","@id":"https:\/\/galeriafernandez-braso.com\/obra\/plenitud-y-vacio-i-2023\/#breadcrumb","itemListElement":[{"@type":"ListItem","position":1,"name":"Portada","item":"https:\/\/galeriafernandez-braso.com\/"},{"@type":"ListItem","position":2,"name":"Obras","item":"https:\/\/galeriafernandez-braso.com\/obra\/"},{"@type":"ListItem","position":3,"name":"Plenitud y vac\u00edo I, 2023"}]},{"@type":"WebSite","@id":"https:\/\/galeriafernandez-braso.com\/#website","url":"https:\/\/galeriafernandez-braso.com\/","name":"Galer\u00eda Fernandez Braso","description":"","potentialAction":[{"@type":"SearchAction","target":{"@type":"EntryPoint","urlTemplate":"https:\/\/galeriafernandez-braso.com\/?s={search_term_string}"},"query-input":{"@type":"PropertyValueSpecification","valueRequired":true,"valueName":"search_term_string"}}],"inLanguage":"en-GB"}]}},"_links":{"self":[{"href":"https:\/\/galeriafernandez-braso.com\/en\/wp-json\/wp\/v2\/obra\/97","targetHints":{"allow":["GET"]}}],"collection":[{"href":"https:\/\/galeriafernandez-braso.com\/en\/wp-json\/wp\/v2\/obra"}],"about":[{"href":"https:\/\/galeriafernandez-braso.com\/en\/wp-json\/wp\/v2\/types\/obra"}],"author":[{"embeddable":true,"href":"https:\/\/galeriafernandez-braso.com\/en\/wp-json\/wp\/v2\/users\/1"}],"version-history":[{"count":2,"href":"https:\/\/galeriafernandez-braso.com\/en\/wp-json\/wp\/v2\/obra\/97\/revisions"}],"predecessor-version":[{"id":5965,"href":"https:\/\/galeriafernandez-braso.com\/en\/wp-json\/wp\/v2\/obra\/97\/revisions\/5965"}],"wp:featuredmedia":[{"embeddable":true,"href":"https:\/\/galeriafernandez-braso.com\/en\/wp-json\/wp\/v2\/media\/98"}],"wp:attachment":[{"href":"https:\/\/galeriafernandez-braso.com\/en\/wp-json\/wp\/v2\/media?parent=97"}],"wp:term":[{"taxonomy":"category","embeddable":true,"href":"https:\/\/galeriafernandez-braso.com\/en\/wp-json\/wp\/v2\/categories?post=97"},{"taxonomy":"autor","embeddable":true,"href":"https:\/\/galeriafernandez-braso.com\/en\/wp-json\/wp\/v2\/autor?post=97"},{"taxonomy":"exposicion","embeddable":true,"href":"https:\/\/galeriafernandez-braso.com\/en\/wp-json\/wp\/v2\/exposicion?post=97"}],"curies":[{"name":"wp","href":"https:\/\/api.w.org\/{rel}","templated":true}]}}

<p>Steel cortén, and rusty iron<br>Available in two sizes:<br>170 x 230 x 15 cm. <br>80 x 116 x 10 cm. </p>

<p>Acero cortén y hierro oxidadosDisponible en dos medidas:170 x 230 x 15 cm. 80 x 116 x 10 cm.</p>

<!-- This site is optimized with the Yoast SEO plugin v27.5 - https://yoast.com/product/yoast-seo-wordpress/ -->
<title>Plenitud y vacío I, 2023 - Galería Fernandez Braso</title>
<meta name="robots" content="index, follow, max-snippet:-1, max-image-preview:large, max-video-preview:-1" />
<link rel="canonical" href="https://galeriafernandez-braso.com/en/obra/plenitud-y-vacio-i-2023/" />
<meta property="og:locale" content="en_GB" />
<meta property="og:type" content="article" />
<meta property="og:title" content="Plenitud y vacío I, 2023 - Galería Fernandez Braso" />
<meta property="og:description" content="Acero cortén y hierro oxidadosDisponible en dos medidas:170 x 230 x 15 cm. 80 x 116 x 10 cm." />
<meta property="og:url" content="https://galeriafernandez-braso.com/en/obra/plenitud-y-vacio-i-2023/" />
<meta property="og:site_name" content="Galería Fernandez Braso" />
<meta property="article:modified_time" content="2025-12-17T11:21:01+00:00" />
<meta property="og:image" content="https://galeriafernandez-braso.com/wp-content/uploads/2024/07/Plenitud-y-vacio-scaled-1.jpg" />
	<meta property="og:image:width" content="2560" />
	<meta property="og:image:height" content="2097" />
	<meta property="og:image:type" content="image/jpeg" />
<meta name="twitter:card" content="summary_large_image" />
<meta name="twitter:label1" content="Estimated reading time" />
	<meta name="twitter:data1" content="1 minute" />
<script type="application/ld+json" class="yoast-schema-graph">{"@context":"https:\/\/schema.org","@graph":[{"@type":"WebPage","@id":"https:\/\/galeriafernandez-braso.com\/obra\/plenitud-y-vacio-i-2023\/","url":"https:\/\/galeriafernandez-braso.com\/obra\/plenitud-y-vacio-i-2023\/","name":"Plenitud y vacío I, 2023 - Galería Fernandez Braso","isPartOf":{"@id":"https:\/\/galeriafernandez-braso.com\/#website"},"primaryImageOfPage":{"@id":"https:\/\/galeriafernandez-braso.com\/obra\/plenitud-y-vacio-i-2023\/#primaryimage"},"image":{"@id":"https:\/\/galeriafernandez-braso.com\/obra\/plenitud-y-vacio-i-2023\/#primaryimage"},"thumbnailUrl":"https:\/\/galeriafernandez-braso.com\/wp-content\/uploads\/2024\/07\/Plenitud-y-vacio-scaled-1.jpg","datePublished":"2024-07-22T18:56:29+00:00","dateModified":"2025-12-17T11:21:01+00:00","breadcrumb":{"@id":"https:\/\/galeriafernandez-braso.com\/obra\/plenitud-y-vacio-i-2023\/#breadcrumb"},"inLanguage":"en-GB","potentialAction":[{"@type":"ReadAction","target":["https:\/\/galeriafernandez-braso.com\/obra\/plenitud-y-vacio-i-2023\/"]}]},{"@type":"ImageObject","inLanguage":"en-GB","@id":"https:\/\/galeriafernandez-braso.com\/obra\/plenitud-y-vacio-i-2023\/#primaryimage","url":"https:\/\/galeriafernandez-braso.com\/wp-content\/uploads\/2024\/07\/Plenitud-y-vacio-scaled-1.jpg","contentUrl":"https:\/\/galeriafernandez-braso.com\/wp-content\/uploads\/2024\/07\/Plenitud-y-vacio-scaled-1.jpg","width":2560,"height":2097},{"@type":"BreadcrumbList","@id":"https:\/\/galeriafernandez-braso.com\/obra\/plenitud-y-vacio-i-2023\/#breadcrumb","itemListElement":[{"@type":"ListItem","position":1,"name":"Portada","item":"https:\/\/galeriafernandez-braso.com\/"},{"@type":"ListItem","position":2,"name":"Obras","item":"https:\/\/galeriafernandez-braso.com\/obra\/"},{"@type":"ListItem","position":3,"name":"Plenitud y vacío I, 2023"}]},{"@type":"WebSite","@id":"https:\/\/galeriafernandez-braso.com\/#website","url":"https:\/\/galeriafernandez-braso.com\/","name":"Galería Fernandez Braso","description":"","potentialAction":[{"@type":"SearchAction","target":{"@type":"EntryPoint","urlTemplate":"https:\/\/galeriafernandez-braso.com\/?s={search_term_string}"},"query-input":{"@type":"PropertyValueSpecification","valueRequired":true,"valueName":"search_term_string"}}],"inLanguage":"en-GB"}]}</script>
<!-- / Yoast SEO plugin. -->

Plenitud y vacío I, 2023 - Galería Fernandez Braso

Acero cortén y hierro oxidadosDisponible en dos medidas:170 x 230 x 15 cm. 80 x 116 x 10 cm.

Galería Fernandez Braso

Plenitud y vacío I, 2023
