{"id":4680,"date":"2024-09-20T12:36:14","date_gmt":"2024-09-20T10:36:14","guid":{"rendered":"https:\/\/galeriafernandez-braso.com\/?post_type=obra&#038;p=4680"},"modified":"2026-02-20T19:45:45","modified_gmt":"2026-02-20T18:45:45","slug":"levedad-i","status":"publish","type":"obra","link":"https:\/\/galeriafernandez-braso.com\/en\/obra\/levedad-i\/","title":{"rendered":"Levedad I"},"content":{"rendered":"<p>Steel cort\u00e9n oxidized<br>200 x 100 x 72 cm<br>Available<br>Contact gallery<\/p>","protected":false},"excerpt":{"rendered":"<p>Acero cort\u00e9n oxidado200 x 100 x 72 cmDisponibleContactar con galer\u00eda<\/p>","protected":false},"author":2,"featured_media":4672,"parent":0,"menu_order":0,"template":"","format":"standard","meta":{"_acf_changed":false,"_monsterinsights_skip_tracking":false,"_monsterinsights_sitenote_active":false,"_monsterinsights_sitenote_note":"","_monsterinsights_sitenote_category":0,"footnotes":""},"categories":[160],"autor":[2],"exposicion":[],"class_list":["post-4680","obra","type-obra","status-publish","format-standard","has-post-thumbnail","hentry","category-escultura","autor-cristina-almodovar"],"acf":[],"yoast_head":"<!-- This site is optimized with the Yoast SEO plugin v27.5 - https:\/\/yoast.com\/product\/yoast-seo-wordpress\/ -->\n<title>Levedad I - Galer\u00eda Fernandez Braso<\/title>\n<meta name=\"robots\" content=\"index, follow, max-snippet:-1, max-image-preview:large, max-video-preview:-1\" \/>\n<link rel=\"canonical\" href=\"https:\/\/galeriafernandez-braso.com\/en\/obra\/levedad-i\/\" \/>\n<meta property=\"og:locale\" content=\"en_GB\" \/>\n<meta property=\"og:type\" content=\"article\" \/>\n<meta property=\"og:title\" content=\"Levedad I - Galer\u00eda Fernandez Braso\" \/>\n<meta property=\"og:description\" content=\"Acero cort\u00e9n oxidado200 x 100 x 72 cmDisponibleContactar con galer\u00eda\" \/>\n<meta property=\"og:url\" content=\"https:\/\/galeriafernandez-braso.com\/en\/obra\/levedad-i\/\" \/>\n<meta property=\"og:site_name\" content=\"Galer\u00eda Fernandez Braso\" \/>\n<meta property=\"article:modified_time\" content=\"2026-02-20T18:45:45+00:00\" \/>\n<meta property=\"og:image\" content=\"https:\/\/galeriafernandez-braso.com\/wp-content\/uploads\/2024\/07\/Levedad-1-scaled.jpg\" \/>\n\t<meta property=\"og:image:width\" content=\"1779\" \/>\n\t<meta property=\"og:image:height\" content=\"2560\" \/>\n\t<meta property=\"og:image:type\" content=\"image\/jpeg\" \/>\n<meta name=\"twitter:card\" content=\"summary_large_image\" \/>\n<meta name=\"twitter:label1\" content=\"Estimated reading time\" \/>\n\t<meta name=\"twitter:data1\" content=\"1 minute\" \/>\n<script type=\"application\/ld+json\" class=\"yoast-schema-graph\">{\"@context\":\"https:\\\/\\\/schema.org\",\"@graph\":[{\"@type\":\"WebPage\",\"@id\":\"https:\\\/\\\/galeriafernandez-braso.com\\\/obra\\\/levedad-i\\\/\",\"url\":\"https:\\\/\\\/galeriafernandez-braso.com\\\/obra\\\/levedad-i\\\/\",\"name\":\"Levedad I - Galer\u00eda Fernandez Braso\",\"isPartOf\":{\"@id\":\"https:\\\/\\\/galeriafernandez-braso.com\\\/#website\"},\"primaryImageOfPage\":{\"@id\":\"https:\\\/\\\/galeriafernandez-braso.com\\\/obra\\\/levedad-i\\\/#primaryimage\"},\"image\":{\"@id\":\"https:\\\/\\\/galeriafernandez-braso.com\\\/obra\\\/levedad-i\\\/#primaryimage\"},\"thumbnailUrl\":\"https:\\\/\\\/galeriafernandez-braso.com\\\/wp-content\\\/uploads\\\/2024\\\/07\\\/Levedad-1-scaled.jpg\",\"datePublished\":\"2024-09-20T10:36:14+00:00\",\"dateModified\":\"2026-02-20T18:45:45+00:00\",\"breadcrumb\":{\"@id\":\"https:\\\/\\\/galeriafernandez-braso.com\\\/obra\\\/levedad-i\\\/#breadcrumb\"},\"inLanguage\":\"en-GB\",\"potentialAction\":[{\"@type\":\"ReadAction\",\"target\":[\"https:\\\/\\\/galeriafernandez-braso.com\\\/obra\\\/levedad-i\\\/\"]}]},{\"@type\":\"ImageObject\",\"inLanguage\":\"en-GB\",\"@id\":\"https:\\\/\\\/galeriafernandez-braso.com\\\/obra\\\/levedad-i\\\/#primaryimage\",\"url\":\"https:\\\/\\\/galeriafernandez-braso.com\\\/wp-content\\\/uploads\\\/2024\\\/07\\\/Levedad-1-scaled.jpg\",\"contentUrl\":\"https:\\\/\\\/galeriafernandez-braso.com\\\/wp-content\\\/uploads\\\/2024\\\/07\\\/Levedad-1-scaled.jpg\",\"width\":1779,\"height\":2560},{\"@type\":\"BreadcrumbList\",\"@id\":\"https:\\\/\\\/galeriafernandez-braso.com\\\/obra\\\/levedad-i\\\/#breadcrumb\",\"itemListElement\":[{\"@type\":\"ListItem\",\"position\":1,\"name\":\"Portada\",\"item\":\"https:\\\/\\\/galeriafernandez-braso.com\\\/\"},{\"@type\":\"ListItem\",\"position\":2,\"name\":\"Obras\",\"item\":\"https:\\\/\\\/galeriafernandez-braso.com\\\/obra\\\/\"},{\"@type\":\"ListItem\",\"position\":3,\"name\":\"Levedad I\"}]},{\"@type\":\"WebSite\",\"@id\":\"https:\\\/\\\/galeriafernandez-braso.com\\\/#website\",\"url\":\"https:\\\/\\\/galeriafernandez-braso.com\\\/\",\"name\":\"Galer\u00eda Fernandez Braso\",\"description\":\"\",\"potentialAction\":[{\"@type\":\"SearchAction\",\"target\":{\"@type\":\"EntryPoint\",\"urlTemplate\":\"https:\\\/\\\/galeriafernandez-braso.com\\\/?s={search_term_string}\"},\"query-input\":{\"@type\":\"PropertyValueSpecification\",\"valueRequired\":true,\"valueName\":\"search_term_string\"}}],\"inLanguage\":\"en-GB\"}]}<\/script>\n<!-- \/ Yoast SEO plugin. -->","yoast_head_json":{"title":"Levedad I - Galer\u00eda Fernandez Braso","robots":{"index":"index","follow":"follow","max-snippet":"max-snippet:-1","max-image-preview":"max-image-preview:large","max-video-preview":"max-video-preview:-1"},"canonical":"https:\/\/galeriafernandez-braso.com\/en\/obra\/levedad-i\/","og_locale":"en_GB","og_type":"article","og_title":"Levedad I - Galer\u00eda Fernandez Braso","og_description":"Acero cort\u00e9n oxidado200 x 100 x 72 cmDisponibleContactar con galer\u00eda","og_url":"https:\/\/galeriafernandez-braso.com\/en\/obra\/levedad-i\/","og_site_name":"Galer\u00eda Fernandez Braso","article_modified_time":"2026-02-20T18:45:45+00:00","og_image":[{"width":1779,"height":2560,"url":"https:\/\/galeriafernandez-braso.com\/wp-content\/uploads\/2024\/07\/Levedad-1-scaled.jpg","type":"image\/jpeg"}],"twitter_card":"summary_large_image","twitter_misc":{"Estimated reading time":"1 minute"},"schema":{"@context":"https:\/\/schema.org","@graph":[{"@type":"WebPage","@id":"https:\/\/galeriafernandez-braso.com\/obra\/levedad-i\/","url":"https:\/\/galeriafernandez-braso.com\/obra\/levedad-i\/","name":"Levedad I - Galer\u00eda Fernandez Braso","isPartOf":{"@id":"https:\/\/galeriafernandez-braso.com\/#website"},"primaryImageOfPage":{"@id":"https:\/\/galeriafernandez-braso.com\/obra\/levedad-i\/#primaryimage"},"image":{"@id":"https:\/\/galeriafernandez-braso.com\/obra\/levedad-i\/#primaryimage"},"thumbnailUrl":"https:\/\/galeriafernandez-braso.com\/wp-content\/uploads\/2024\/07\/Levedad-1-scaled.jpg","datePublished":"2024-09-20T10:36:14+00:00","dateModified":"2026-02-20T18:45:45+00:00","breadcrumb":{"@id":"https:\/\/galeriafernandez-braso.com\/obra\/levedad-i\/#breadcrumb"},"inLanguage":"en-GB","potentialAction":[{"@type":"ReadAction","target":["https:\/\/galeriafernandez-braso.com\/obra\/levedad-i\/"]}]},{"@type":"ImageObject","inLanguage":"en-GB","@id":"https:\/\/galeriafernandez-braso.com\/obra\/levedad-i\/#primaryimage","url":"https:\/\/galeriafernandez-braso.com\/wp-content\/uploads\/2024\/07\/Levedad-1-scaled.jpg","contentUrl":"https:\/\/galeriafernandez-braso.com\/wp-content\/uploads\/2024\/07\/Levedad-1-scaled.jpg","width":1779,"height":2560},{"@type":"BreadcrumbList","@id":"https:\/\/galeriafernandez-braso.com\/obra\/levedad-i\/#breadcrumb","itemListElement":[{"@type":"ListItem","position":1,"name":"Portada","item":"https:\/\/galeriafernandez-braso.com\/"},{"@type":"ListItem","position":2,"name":"Obras","item":"https:\/\/galeriafernandez-braso.com\/obra\/"},{"@type":"ListItem","position":3,"name":"Levedad I"}]},{"@type":"WebSite","@id":"https:\/\/galeriafernandez-braso.com\/#website","url":"https:\/\/galeriafernandez-braso.com\/","name":"Galer\u00eda Fernandez Braso","description":"","potentialAction":[{"@type":"SearchAction","target":{"@type":"EntryPoint","urlTemplate":"https:\/\/galeriafernandez-braso.com\/?s={search_term_string}"},"query-input":{"@type":"PropertyValueSpecification","valueRequired":true,"valueName":"search_term_string"}}],"inLanguage":"en-GB"}]}},"_links":{"self":[{"href":"https:\/\/galeriafernandez-braso.com\/en\/wp-json\/wp\/v2\/obra\/4680","targetHints":{"allow":["GET"]}}],"collection":[{"href":"https:\/\/galeriafernandez-braso.com\/en\/wp-json\/wp\/v2\/obra"}],"about":[{"href":"https:\/\/galeriafernandez-braso.com\/en\/wp-json\/wp\/v2\/types\/obra"}],"author":[{"embeddable":true,"href":"https:\/\/galeriafernandez-braso.com\/en\/wp-json\/wp\/v2\/users\/2"}],"version-history":[{"count":1,"href":"https:\/\/galeriafernandez-braso.com\/en\/wp-json\/wp\/v2\/obra\/4680\/revisions"}],"predecessor-version":[{"id":4681,"href":"https:\/\/galeriafernandez-braso.com\/en\/wp-json\/wp\/v2\/obra\/4680\/revisions\/4681"}],"wp:featuredmedia":[{"embeddable":true,"href":"https:\/\/galeriafernandez-braso.com\/en\/wp-json\/wp\/v2\/media\/4672"}],"wp:attachment":[{"href":"https:\/\/galeriafernandez-braso.com\/en\/wp-json\/wp\/v2\/media?parent=4680"}],"wp:term":[{"taxonomy":"category","embeddable":true,"href":"https:\/\/galeriafernandez-braso.com\/en\/wp-json\/wp\/v2\/categories?post=4680"},{"taxonomy":"autor","embeddable":true,"href":"https:\/\/galeriafernandez-braso.com\/en\/wp-json\/wp\/v2\/autor?post=4680"},{"taxonomy":"exposicion","embeddable":true,"href":"https:\/\/galeriafernandez-braso.com\/en\/wp-json\/wp\/v2\/exposicion?post=4680"}],"curies":[{"name":"wp","href":"https:\/\/api.w.org\/{rel}","templated":true}]}}

<p>Steel cortén oxidized<br>200 x 100 x 72 cm<br>Available<br>Contact gallery</p>

<p>Acero cortén oxidado200 x 100 x 72 cmDisponibleContactar con galería</p>

<!-- This site is optimized with the Yoast SEO plugin v27.5 - https://yoast.com/product/yoast-seo-wordpress/ -->
<title>Levedad I - Galería Fernandez Braso</title>
<meta name="robots" content="index, follow, max-snippet:-1, max-image-preview:large, max-video-preview:-1" />
<link rel="canonical" href="https://galeriafernandez-braso.com/en/obra/levedad-i/" />
<meta property="og:locale" content="en_GB" />
<meta property="og:type" content="article" />
<meta property="og:title" content="Levedad I - Galería Fernandez Braso" />
<meta property="og:description" content="Acero cortén oxidado200 x 100 x 72 cmDisponibleContactar con galería" />
<meta property="og:url" content="https://galeriafernandez-braso.com/en/obra/levedad-i/" />
<meta property="og:site_name" content="Galería Fernandez Braso" />
<meta property="article:modified_time" content="2026-02-20T18:45:45+00:00" />
<meta property="og:image" content="https://galeriafernandez-braso.com/wp-content/uploads/2024/07/Levedad-1-scaled.jpg" />
	<meta property="og:image:width" content="1779" />
	<meta property="og:image:height" content="2560" />
	<meta property="og:image:type" content="image/jpeg" />
<meta name="twitter:card" content="summary_large_image" />
<meta name="twitter:label1" content="Estimated reading time" />
	<meta name="twitter:data1" content="1 minute" />
<script type="application/ld+json" class="yoast-schema-graph">{"@context":"https:\/\/schema.org","@graph":[{"@type":"WebPage","@id":"https:\/\/galeriafernandez-braso.com\/obra\/levedad-i\/","url":"https:\/\/galeriafernandez-braso.com\/obra\/levedad-i\/","name":"Levedad I - Galería Fernandez Braso","isPartOf":{"@id":"https:\/\/galeriafernandez-braso.com\/#website"},"primaryImageOfPage":{"@id":"https:\/\/galeriafernandez-braso.com\/obra\/levedad-i\/#primaryimage"},"image":{"@id":"https:\/\/galeriafernandez-braso.com\/obra\/levedad-i\/#primaryimage"},"thumbnailUrl":"https:\/\/galeriafernandez-braso.com\/wp-content\/uploads\/2024\/07\/Levedad-1-scaled.jpg","datePublished":"2024-09-20T10:36:14+00:00","dateModified":"2026-02-20T18:45:45+00:00","breadcrumb":{"@id":"https:\/\/galeriafernandez-braso.com\/obra\/levedad-i\/#breadcrumb"},"inLanguage":"en-GB","potentialAction":[{"@type":"ReadAction","target":["https:\/\/galeriafernandez-braso.com\/obra\/levedad-i\/"]}]},{"@type":"ImageObject","inLanguage":"en-GB","@id":"https:\/\/galeriafernandez-braso.com\/obra\/levedad-i\/#primaryimage","url":"https:\/\/galeriafernandez-braso.com\/wp-content\/uploads\/2024\/07\/Levedad-1-scaled.jpg","contentUrl":"https:\/\/galeriafernandez-braso.com\/wp-content\/uploads\/2024\/07\/Levedad-1-scaled.jpg","width":1779,"height":2560},{"@type":"BreadcrumbList","@id":"https:\/\/galeriafernandez-braso.com\/obra\/levedad-i\/#breadcrumb","itemListElement":[{"@type":"ListItem","position":1,"name":"Portada","item":"https:\/\/galeriafernandez-braso.com\/"},{"@type":"ListItem","position":2,"name":"Obras","item":"https:\/\/galeriafernandez-braso.com\/obra\/"},{"@type":"ListItem","position":3,"name":"Levedad I"}]},{"@type":"WebSite","@id":"https:\/\/galeriafernandez-braso.com\/#website","url":"https:\/\/galeriafernandez-braso.com\/","name":"Galería Fernandez Braso","description":"","potentialAction":[{"@type":"SearchAction","target":{"@type":"EntryPoint","urlTemplate":"https:\/\/galeriafernandez-braso.com\/?s={search_term_string}"},"query-input":{"@type":"PropertyValueSpecification","valueRequired":true,"valueName":"search_term_string"}}],"inLanguage":"en-GB"}]}</script>
<!-- / Yoast SEO plugin. -->

Levedad I - Galería Fernandez Braso

Acero cortén oxidado200 x 100 x 72 cmDisponibleContactar con galería

Galería Fernandez Braso
