{"id":3407,"date":"2024-08-16T19:03:50","date_gmt":"2024-08-16T17:03:50","guid":{"rendered":"https:\/\/galeriafernandez-braso.com\/?post_type=obra&#038;p=3407"},"modified":"2026-02-20T18:47:24","modified_gmt":"2026-02-20T17:47:24","slug":"almendros-y-montana-al-atardecer","status":"publish","type":"obra","link":"https:\/\/galeriafernandez-braso.com\/en\/obra\/almendros-y-montana-al-atardecer\/","title":{"rendered":"Almond trees and mountains at sunset"},"content":{"rendered":"<p>1982<br>Oil on canvas. 73 x 92 cm<br>Available<br>Consult with gallery<\/p>","protected":false},"excerpt":{"rendered":"<p>1982\u00d3leo sobre lienzo. 73 x 92 cmDisponibleConsultar con galer\u00eda<\/p>","protected":false},"author":1,"featured_media":3408,"parent":0,"menu_order":0,"template":"","format":"standard","meta":{"_acf_changed":false,"_monsterinsights_skip_tracking":false,"_monsterinsights_sitenote_active":false,"_monsterinsights_sitenote_note":"","_monsterinsights_sitenote_category":0,"footnotes":""},"categories":[159],"autor":[19],"exposicion":[105],"class_list":["post-3407","obra","type-obra","status-publish","format-standard","has-post-thumbnail","hentry","category-pintura","autor-xavier-valls","exposicion-2023-xavier-valls"],"acf":[],"yoast_head":"<!-- This site is optimized with the Yoast SEO plugin v27.5 - https:\/\/yoast.com\/product\/yoast-seo-wordpress\/ -->\n<title>Almendros y monta\u00f1a al atardecer - Galer\u00eda Fernandez Braso<\/title>\n<meta name=\"robots\" content=\"index, follow, max-snippet:-1, max-image-preview:large, max-video-preview:-1\" \/>\n<link rel=\"canonical\" href=\"https:\/\/galeriafernandez-braso.com\/en\/obra\/almendros-y-montana-al-atardecer\/\" \/>\n<meta property=\"og:locale\" content=\"en_GB\" \/>\n<meta property=\"og:type\" content=\"article\" \/>\n<meta property=\"og:title\" content=\"Almendros y monta\u00f1a al atardecer - Galer\u00eda Fernandez Braso\" \/>\n<meta property=\"og:description\" content=\"1982\u00d3leo sobre lienzo. 73 x 92 cmDisponibleConsultar con galer\u00eda\" \/>\n<meta property=\"og:url\" content=\"https:\/\/galeriafernandez-braso.com\/en\/obra\/almendros-y-montana-al-atardecer\/\" \/>\n<meta property=\"og:site_name\" content=\"Galer\u00eda Fernandez Braso\" \/>\n<meta property=\"article:modified_time\" content=\"2026-02-20T17:47:24+00:00\" \/>\n<meta property=\"og:image\" content=\"https:\/\/galeriafernandez-braso.com\/wp-content\/uploads\/2024\/08\/XV-El-Cadi-1997-OL-73x91cm-scaled-1.jpg\" \/>\n\t<meta property=\"og:image:width\" content=\"2560\" \/>\n\t<meta property=\"og:image:height\" content=\"2037\" \/>\n\t<meta property=\"og:image:type\" content=\"image\/jpeg\" \/>\n<meta name=\"twitter:card\" content=\"summary_large_image\" \/>\n<meta name=\"twitter:label1\" content=\"Estimated reading time\" \/>\n\t<meta name=\"twitter:data1\" content=\"1 minute\" \/>\n<script type=\"application\/ld+json\" class=\"yoast-schema-graph\">{\"@context\":\"https:\\\/\\\/schema.org\",\"@graph\":[{\"@type\":\"WebPage\",\"@id\":\"https:\\\/\\\/galeriafernandez-braso.com\\\/obra\\\/almendros-y-montana-al-atardecer\\\/\",\"url\":\"https:\\\/\\\/galeriafernandez-braso.com\\\/obra\\\/almendros-y-montana-al-atardecer\\\/\",\"name\":\"Almendros y monta\u00f1a al atardecer - Galer\u00eda Fernandez Braso\",\"isPartOf\":{\"@id\":\"https:\\\/\\\/galeriafernandez-braso.com\\\/#website\"},\"primaryImageOfPage\":{\"@id\":\"https:\\\/\\\/galeriafernandez-braso.com\\\/obra\\\/almendros-y-montana-al-atardecer\\\/#primaryimage\"},\"image\":{\"@id\":\"https:\\\/\\\/galeriafernandez-braso.com\\\/obra\\\/almendros-y-montana-al-atardecer\\\/#primaryimage\"},\"thumbnailUrl\":\"https:\\\/\\\/galeriafernandez-braso.com\\\/wp-content\\\/uploads\\\/2024\\\/08\\\/XV-El-Cadi-1997-OL-73x91cm-scaled-1.jpg\",\"datePublished\":\"2024-08-16T17:03:50+00:00\",\"dateModified\":\"2026-02-20T17:47:24+00:00\",\"breadcrumb\":{\"@id\":\"https:\\\/\\\/galeriafernandez-braso.com\\\/obra\\\/almendros-y-montana-al-atardecer\\\/#breadcrumb\"},\"inLanguage\":\"en-GB\",\"potentialAction\":[{\"@type\":\"ReadAction\",\"target\":[\"https:\\\/\\\/galeriafernandez-braso.com\\\/obra\\\/almendros-y-montana-al-atardecer\\\/\"]}]},{\"@type\":\"ImageObject\",\"inLanguage\":\"en-GB\",\"@id\":\"https:\\\/\\\/galeriafernandez-braso.com\\\/obra\\\/almendros-y-montana-al-atardecer\\\/#primaryimage\",\"url\":\"https:\\\/\\\/galeriafernandez-braso.com\\\/wp-content\\\/uploads\\\/2024\\\/08\\\/XV-El-Cadi-1997-OL-73x91cm-scaled-1.jpg\",\"contentUrl\":\"https:\\\/\\\/galeriafernandez-braso.com\\\/wp-content\\\/uploads\\\/2024\\\/08\\\/XV-El-Cadi-1997-OL-73x91cm-scaled-1.jpg\",\"width\":2560,\"height\":2037},{\"@type\":\"BreadcrumbList\",\"@id\":\"https:\\\/\\\/galeriafernandez-braso.com\\\/obra\\\/almendros-y-montana-al-atardecer\\\/#breadcrumb\",\"itemListElement\":[{\"@type\":\"ListItem\",\"position\":1,\"name\":\"Portada\",\"item\":\"https:\\\/\\\/galeriafernandez-braso.com\\\/\"},{\"@type\":\"ListItem\",\"position\":2,\"name\":\"Obras\",\"item\":\"https:\\\/\\\/galeriafernandez-braso.com\\\/obra\\\/\"},{\"@type\":\"ListItem\",\"position\":3,\"name\":\"Almendros y monta\u00f1a al atardecer\"}]},{\"@type\":\"WebSite\",\"@id\":\"https:\\\/\\\/galeriafernandez-braso.com\\\/#website\",\"url\":\"https:\\\/\\\/galeriafernandez-braso.com\\\/\",\"name\":\"Galer\u00eda Fernandez Braso\",\"description\":\"\",\"potentialAction\":[{\"@type\":\"SearchAction\",\"target\":{\"@type\":\"EntryPoint\",\"urlTemplate\":\"https:\\\/\\\/galeriafernandez-braso.com\\\/?s={search_term_string}\"},\"query-input\":{\"@type\":\"PropertyValueSpecification\",\"valueRequired\":true,\"valueName\":\"search_term_string\"}}],\"inLanguage\":\"en-GB\"}]}<\/script>\n<!-- \/ Yoast SEO plugin. -->","yoast_head_json":{"title":"Almendros y monta\u00f1a al atardecer - Galer\u00eda Fernandez Braso","robots":{"index":"index","follow":"follow","max-snippet":"max-snippet:-1","max-image-preview":"max-image-preview:large","max-video-preview":"max-video-preview:-1"},"canonical":"https:\/\/galeriafernandez-braso.com\/en\/obra\/almendros-y-montana-al-atardecer\/","og_locale":"en_GB","og_type":"article","og_title":"Almendros y monta\u00f1a al atardecer - Galer\u00eda Fernandez Braso","og_description":"1982\u00d3leo sobre lienzo. 73 x 92 cmDisponibleConsultar con galer\u00eda","og_url":"https:\/\/galeriafernandez-braso.com\/en\/obra\/almendros-y-montana-al-atardecer\/","og_site_name":"Galer\u00eda Fernandez Braso","article_modified_time":"2026-02-20T17:47:24+00:00","og_image":[{"width":2560,"height":2037,"url":"https:\/\/galeriafernandez-braso.com\/wp-content\/uploads\/2024\/08\/XV-El-Cadi-1997-OL-73x91cm-scaled-1.jpg","type":"image\/jpeg"}],"twitter_card":"summary_large_image","twitter_misc":{"Estimated reading time":"1 minute"},"schema":{"@context":"https:\/\/schema.org","@graph":[{"@type":"WebPage","@id":"https:\/\/galeriafernandez-braso.com\/obra\/almendros-y-montana-al-atardecer\/","url":"https:\/\/galeriafernandez-braso.com\/obra\/almendros-y-montana-al-atardecer\/","name":"Almendros y monta\u00f1a al atardecer - Galer\u00eda Fernandez Braso","isPartOf":{"@id":"https:\/\/galeriafernandez-braso.com\/#website"},"primaryImageOfPage":{"@id":"https:\/\/galeriafernandez-braso.com\/obra\/almendros-y-montana-al-atardecer\/#primaryimage"},"image":{"@id":"https:\/\/galeriafernandez-braso.com\/obra\/almendros-y-montana-al-atardecer\/#primaryimage"},"thumbnailUrl":"https:\/\/galeriafernandez-braso.com\/wp-content\/uploads\/2024\/08\/XV-El-Cadi-1997-OL-73x91cm-scaled-1.jpg","datePublished":"2024-08-16T17:03:50+00:00","dateModified":"2026-02-20T17:47:24+00:00","breadcrumb":{"@id":"https:\/\/galeriafernandez-braso.com\/obra\/almendros-y-montana-al-atardecer\/#breadcrumb"},"inLanguage":"en-GB","potentialAction":[{"@type":"ReadAction","target":["https:\/\/galeriafernandez-braso.com\/obra\/almendros-y-montana-al-atardecer\/"]}]},{"@type":"ImageObject","inLanguage":"en-GB","@id":"https:\/\/galeriafernandez-braso.com\/obra\/almendros-y-montana-al-atardecer\/#primaryimage","url":"https:\/\/galeriafernandez-braso.com\/wp-content\/uploads\/2024\/08\/XV-El-Cadi-1997-OL-73x91cm-scaled-1.jpg","contentUrl":"https:\/\/galeriafernandez-braso.com\/wp-content\/uploads\/2024\/08\/XV-El-Cadi-1997-OL-73x91cm-scaled-1.jpg","width":2560,"height":2037},{"@type":"BreadcrumbList","@id":"https:\/\/galeriafernandez-braso.com\/obra\/almendros-y-montana-al-atardecer\/#breadcrumb","itemListElement":[{"@type":"ListItem","position":1,"name":"Portada","item":"https:\/\/galeriafernandez-braso.com\/"},{"@type":"ListItem","position":2,"name":"Obras","item":"https:\/\/galeriafernandez-braso.com\/obra\/"},{"@type":"ListItem","position":3,"name":"Almendros y monta\u00f1a al atardecer"}]},{"@type":"WebSite","@id":"https:\/\/galeriafernandez-braso.com\/#website","url":"https:\/\/galeriafernandez-braso.com\/","name":"Galer\u00eda Fernandez Braso","description":"","potentialAction":[{"@type":"SearchAction","target":{"@type":"EntryPoint","urlTemplate":"https:\/\/galeriafernandez-braso.com\/?s={search_term_string}"},"query-input":{"@type":"PropertyValueSpecification","valueRequired":true,"valueName":"search_term_string"}}],"inLanguage":"en-GB"}]}},"_links":{"self":[{"href":"https:\/\/galeriafernandez-braso.com\/en\/wp-json\/wp\/v2\/obra\/3407","targetHints":{"allow":["GET"]}}],"collection":[{"href":"https:\/\/galeriafernandez-braso.com\/en\/wp-json\/wp\/v2\/obra"}],"about":[{"href":"https:\/\/galeriafernandez-braso.com\/en\/wp-json\/wp\/v2\/types\/obra"}],"author":[{"embeddable":true,"href":"https:\/\/galeriafernandez-braso.com\/en\/wp-json\/wp\/v2\/users\/1"}],"version-history":[{"count":1,"href":"https:\/\/galeriafernandez-braso.com\/en\/wp-json\/wp\/v2\/obra\/3407\/revisions"}],"predecessor-version":[{"id":3409,"href":"https:\/\/galeriafernandez-braso.com\/en\/wp-json\/wp\/v2\/obra\/3407\/revisions\/3409"}],"wp:featuredmedia":[{"embeddable":true,"href":"https:\/\/galeriafernandez-braso.com\/en\/wp-json\/wp\/v2\/media\/3408"}],"wp:attachment":[{"href":"https:\/\/galeriafernandez-braso.com\/en\/wp-json\/wp\/v2\/media?parent=3407"}],"wp:term":[{"taxonomy":"category","embeddable":true,"href":"https:\/\/galeriafernandez-braso.com\/en\/wp-json\/wp\/v2\/categories?post=3407"},{"taxonomy":"autor","embeddable":true,"href":"https:\/\/galeriafernandez-braso.com\/en\/wp-json\/wp\/v2\/autor?post=3407"},{"taxonomy":"exposicion","embeddable":true,"href":"https:\/\/galeriafernandez-braso.com\/en\/wp-json\/wp\/v2\/exposicion?post=3407"}],"curies":[{"name":"wp","href":"https:\/\/api.w.org\/{rel}","templated":true}]}}

<p>1982Óleo sobre lienzo. 73 x 92 cmDisponibleConsultar con galería</p>

<!-- This site is optimized with the Yoast SEO plugin v27.5 - https://yoast.com/product/yoast-seo-wordpress/ -->
<title>Almendros y montaña al atardecer - Galería Fernandez Braso</title>
<meta name="robots" content="index, follow, max-snippet:-1, max-image-preview:large, max-video-preview:-1" />
<link rel="canonical" href="https://galeriafernandez-braso.com/en/obra/almendros-y-montana-al-atardecer/" />
<meta property="og:locale" content="en_GB" />
<meta property="og:type" content="article" />
<meta property="og:title" content="Almendros y montaña al atardecer - Galería Fernandez Braso" />
<meta property="og:description" content="1982Óleo sobre lienzo. 73 x 92 cmDisponibleConsultar con galería" />
<meta property="og:url" content="https://galeriafernandez-braso.com/en/obra/almendros-y-montana-al-atardecer/" />
<meta property="og:site_name" content="Galería Fernandez Braso" />
<meta property="article:modified_time" content="2026-02-20T17:47:24+00:00" />
<meta property="og:image" content="https://galeriafernandez-braso.com/wp-content/uploads/2024/08/XV-El-Cadi-1997-OL-73x91cm-scaled-1.jpg" />
	<meta property="og:image:width" content="2560" />
	<meta property="og:image:height" content="2037" />
	<meta property="og:image:type" content="image/jpeg" />
<meta name="twitter:card" content="summary_large_image" />
<meta name="twitter:label1" content="Estimated reading time" />
	<meta name="twitter:data1" content="1 minute" />
<script type="application/ld+json" class="yoast-schema-graph">{"@context":"https:\/\/schema.org","@graph":[{"@type":"WebPage","@id":"https:\/\/galeriafernandez-braso.com\/obra\/almendros-y-montana-al-atardecer\/","url":"https:\/\/galeriafernandez-braso.com\/obra\/almendros-y-montana-al-atardecer\/","name":"Almendros y montaña al atardecer - Galería Fernandez Braso","isPartOf":{"@id":"https:\/\/galeriafernandez-braso.com\/#website"},"primaryImageOfPage":{"@id":"https:\/\/galeriafernandez-braso.com\/obra\/almendros-y-montana-al-atardecer\/#primaryimage"},"image":{"@id":"https:\/\/galeriafernandez-braso.com\/obra\/almendros-y-montana-al-atardecer\/#primaryimage"},"thumbnailUrl":"https:\/\/galeriafernandez-braso.com\/wp-content\/uploads\/2024\/08\/XV-El-Cadi-1997-OL-73x91cm-scaled-1.jpg","datePublished":"2024-08-16T17:03:50+00:00","dateModified":"2026-02-20T17:47:24+00:00","breadcrumb":{"@id":"https:\/\/galeriafernandez-braso.com\/obra\/almendros-y-montana-al-atardecer\/#breadcrumb"},"inLanguage":"en-GB","potentialAction":[{"@type":"ReadAction","target":["https:\/\/galeriafernandez-braso.com\/obra\/almendros-y-montana-al-atardecer\/"]}]},{"@type":"ImageObject","inLanguage":"en-GB","@id":"https:\/\/galeriafernandez-braso.com\/obra\/almendros-y-montana-al-atardecer\/#primaryimage","url":"https:\/\/galeriafernandez-braso.com\/wp-content\/uploads\/2024\/08\/XV-El-Cadi-1997-OL-73x91cm-scaled-1.jpg","contentUrl":"https:\/\/galeriafernandez-braso.com\/wp-content\/uploads\/2024\/08\/XV-El-Cadi-1997-OL-73x91cm-scaled-1.jpg","width":2560,"height":2037},{"@type":"BreadcrumbList","@id":"https:\/\/galeriafernandez-braso.com\/obra\/almendros-y-montana-al-atardecer\/#breadcrumb","itemListElement":[{"@type":"ListItem","position":1,"name":"Portada","item":"https:\/\/galeriafernandez-braso.com\/"},{"@type":"ListItem","position":2,"name":"Obras","item":"https:\/\/galeriafernandez-braso.com\/obra\/"},{"@type":"ListItem","position":3,"name":"Almendros y montaña al atardecer"}]},{"@type":"WebSite","@id":"https:\/\/galeriafernandez-braso.com\/#website","url":"https:\/\/galeriafernandez-braso.com\/","name":"Galería Fernandez Braso","description":"","potentialAction":[{"@type":"SearchAction","target":{"@type":"EntryPoint","urlTemplate":"https:\/\/galeriafernandez-braso.com\/?s={search_term_string}"},"query-input":{"@type":"PropertyValueSpecification","valueRequired":true,"valueName":"search_term_string"}}],"inLanguage":"en-GB"}]}</script>
<!-- / Yoast SEO plugin. -->

Almendros y montaña al atardecer - Galería Fernandez Braso

1982Óleo sobre lienzo. 73 x 92 cmDisponibleConsultar con galería

Galería Fernandez Braso

Almendros y montaña al atardecer
