{"id":3401,"date":"2024-08-16T19:01:47","date_gmt":"2024-08-16T17:01:47","guid":{"rendered":"https:\/\/galeriafernandez-braso.com\/?post_type=obra&#038;p=3401"},"modified":"2026-02-20T18:53:12","modified_gmt":"2026-02-20T17:53:12","slug":"cantera-rosa","status":"publish","type":"obra","link":"https:\/\/galeriafernandez-braso.com\/en\/obra\/cantera-rosa\/","title":{"rendered":"Pink stone"},"content":{"rendered":"<p>1965<br>Oil on canvas<br>27 x 22 cm<br>Available<br>Contact gallery<\/p>","protected":false},"excerpt":{"rendered":"<p>1965\u00d3leo sobre lienzo27 x 22 cmDisponibleContactar con galer\u00eda<\/p>","protected":false},"author":1,"featured_media":3402,"parent":0,"menu_order":0,"template":"","format":"standard","meta":{"_acf_changed":false,"_monsterinsights_skip_tracking":false,"_monsterinsights_sitenote_active":false,"_monsterinsights_sitenote_note":"","_monsterinsights_sitenote_category":0,"footnotes":""},"categories":[159],"autor":[19],"exposicion":[105],"class_list":["post-3401","obra","type-obra","status-publish","format-standard","has-post-thumbnail","hentry","category-pintura","autor-xavier-valls","exposicion-2023-xavier-valls"],"acf":[],"yoast_head":"<!-- This site is optimized with the Yoast SEO plugin v27.5 - https:\/\/yoast.com\/product\/yoast-seo-wordpress\/ -->\n<title>Cantera rosa - Galer\u00eda Fernandez Braso<\/title>\n<meta name=\"robots\" content=\"index, follow, max-snippet:-1, max-image-preview:large, max-video-preview:-1\" \/>\n<link rel=\"canonical\" href=\"https:\/\/galeriafernandez-braso.com\/en\/obra\/cantera-rosa\/\" \/>\n<meta property=\"og:locale\" content=\"en_GB\" \/>\n<meta property=\"og:type\" content=\"article\" \/>\n<meta property=\"og:title\" content=\"Cantera rosa - Galer\u00eda Fernandez Braso\" \/>\n<meta property=\"og:description\" content=\"1965\u00d3leo sobre lienzo27 x 22 cmDisponibleContactar con galer\u00eda\" \/>\n<meta property=\"og:url\" content=\"https:\/\/galeriafernandez-braso.com\/en\/obra\/cantera-rosa\/\" \/>\n<meta property=\"og:site_name\" content=\"Galer\u00eda Fernandez Braso\" \/>\n<meta property=\"article:modified_time\" content=\"2026-02-20T17:53:12+00:00\" \/>\n<meta property=\"og:image\" content=\"https:\/\/galeriafernandez-braso.com\/wp-content\/uploads\/2024\/08\/XV_La_carriere_rose_1965_OL_27x22cm-822x1024.jpg\" \/>\n\t<meta property=\"og:image:width\" content=\"822\" \/>\n\t<meta property=\"og:image:height\" content=\"1024\" \/>\n\t<meta property=\"og:image:type\" content=\"image\/jpeg\" \/>\n<meta name=\"twitter:card\" content=\"summary_large_image\" \/>\n<meta name=\"twitter:label1\" content=\"Estimated reading time\" \/>\n\t<meta name=\"twitter:data1\" content=\"1 minute\" \/>\n<script type=\"application\/ld+json\" class=\"yoast-schema-graph\">{\"@context\":\"https:\\\/\\\/schema.org\",\"@graph\":[{\"@type\":\"WebPage\",\"@id\":\"https:\\\/\\\/galeriafernandez-braso.com\\\/obra\\\/cantera-rosa\\\/\",\"url\":\"https:\\\/\\\/galeriafernandez-braso.com\\\/obra\\\/cantera-rosa\\\/\",\"name\":\"Cantera rosa - Galer\u00eda Fernandez Braso\",\"isPartOf\":{\"@id\":\"https:\\\/\\\/galeriafernandez-braso.com\\\/#website\"},\"primaryImageOfPage\":{\"@id\":\"https:\\\/\\\/galeriafernandez-braso.com\\\/obra\\\/cantera-rosa\\\/#primaryimage\"},\"image\":{\"@id\":\"https:\\\/\\\/galeriafernandez-braso.com\\\/obra\\\/cantera-rosa\\\/#primaryimage\"},\"thumbnailUrl\":\"https:\\\/\\\/galeriafernandez-braso.com\\\/wp-content\\\/uploads\\\/2024\\\/08\\\/XV_La_carriere_rose_1965_OL_27x22cm.jpg\",\"datePublished\":\"2024-08-16T17:01:47+00:00\",\"dateModified\":\"2026-02-20T17:53:12+00:00\",\"breadcrumb\":{\"@id\":\"https:\\\/\\\/galeriafernandez-braso.com\\\/obra\\\/cantera-rosa\\\/#breadcrumb\"},\"inLanguage\":\"en-GB\",\"potentialAction\":[{\"@type\":\"ReadAction\",\"target\":[\"https:\\\/\\\/galeriafernandez-braso.com\\\/obra\\\/cantera-rosa\\\/\"]}]},{\"@type\":\"ImageObject\",\"inLanguage\":\"en-GB\",\"@id\":\"https:\\\/\\\/galeriafernandez-braso.com\\\/obra\\\/cantera-rosa\\\/#primaryimage\",\"url\":\"https:\\\/\\\/galeriafernandez-braso.com\\\/wp-content\\\/uploads\\\/2024\\\/08\\\/XV_La_carriere_rose_1965_OL_27x22cm.jpg\",\"contentUrl\":\"https:\\\/\\\/galeriafernandez-braso.com\\\/wp-content\\\/uploads\\\/2024\\\/08\\\/XV_La_carriere_rose_1965_OL_27x22cm.jpg\",\"width\":1856,\"height\":2311},{\"@type\":\"BreadcrumbList\",\"@id\":\"https:\\\/\\\/galeriafernandez-braso.com\\\/obra\\\/cantera-rosa\\\/#breadcrumb\",\"itemListElement\":[{\"@type\":\"ListItem\",\"position\":1,\"name\":\"Portada\",\"item\":\"https:\\\/\\\/galeriafernandez-braso.com\\\/\"},{\"@type\":\"ListItem\",\"position\":2,\"name\":\"Obras\",\"item\":\"https:\\\/\\\/galeriafernandez-braso.com\\\/obra\\\/\"},{\"@type\":\"ListItem\",\"position\":3,\"name\":\"Cantera rosa\"}]},{\"@type\":\"WebSite\",\"@id\":\"https:\\\/\\\/galeriafernandez-braso.com\\\/#website\",\"url\":\"https:\\\/\\\/galeriafernandez-braso.com\\\/\",\"name\":\"Galer\u00eda Fernandez Braso\",\"description\":\"\",\"potentialAction\":[{\"@type\":\"SearchAction\",\"target\":{\"@type\":\"EntryPoint\",\"urlTemplate\":\"https:\\\/\\\/galeriafernandez-braso.com\\\/?s={search_term_string}\"},\"query-input\":{\"@type\":\"PropertyValueSpecification\",\"valueRequired\":true,\"valueName\":\"search_term_string\"}}],\"inLanguage\":\"en-GB\"}]}<\/script>\n<!-- \/ Yoast SEO plugin. -->","yoast_head_json":{"title":"Cantera rosa - Galer\u00eda Fernandez Braso","robots":{"index":"index","follow":"follow","max-snippet":"max-snippet:-1","max-image-preview":"max-image-preview:large","max-video-preview":"max-video-preview:-1"},"canonical":"https:\/\/galeriafernandez-braso.com\/en\/obra\/cantera-rosa\/","og_locale":"en_GB","og_type":"article","og_title":"Cantera rosa - Galer\u00eda Fernandez Braso","og_description":"1965\u00d3leo sobre lienzo27 x 22 cmDisponibleContactar con galer\u00eda","og_url":"https:\/\/galeriafernandez-braso.com\/en\/obra\/cantera-rosa\/","og_site_name":"Galer\u00eda Fernandez Braso","article_modified_time":"2026-02-20T17:53:12+00:00","og_image":[{"width":822,"height":1024,"url":"https:\/\/galeriafernandez-braso.com\/wp-content\/uploads\/2024\/08\/XV_La_carriere_rose_1965_OL_27x22cm-822x1024.jpg","type":"image\/jpeg"}],"twitter_card":"summary_large_image","twitter_misc":{"Estimated reading time":"1 minute"},"schema":{"@context":"https:\/\/schema.org","@graph":[{"@type":"WebPage","@id":"https:\/\/galeriafernandez-braso.com\/obra\/cantera-rosa\/","url":"https:\/\/galeriafernandez-braso.com\/obra\/cantera-rosa\/","name":"Cantera rosa - Galer\u00eda Fernandez Braso","isPartOf":{"@id":"https:\/\/galeriafernandez-braso.com\/#website"},"primaryImageOfPage":{"@id":"https:\/\/galeriafernandez-braso.com\/obra\/cantera-rosa\/#primaryimage"},"image":{"@id":"https:\/\/galeriafernandez-braso.com\/obra\/cantera-rosa\/#primaryimage"},"thumbnailUrl":"https:\/\/galeriafernandez-braso.com\/wp-content\/uploads\/2024\/08\/XV_La_carriere_rose_1965_OL_27x22cm.jpg","datePublished":"2024-08-16T17:01:47+00:00","dateModified":"2026-02-20T17:53:12+00:00","breadcrumb":{"@id":"https:\/\/galeriafernandez-braso.com\/obra\/cantera-rosa\/#breadcrumb"},"inLanguage":"en-GB","potentialAction":[{"@type":"ReadAction","target":["https:\/\/galeriafernandez-braso.com\/obra\/cantera-rosa\/"]}]},{"@type":"ImageObject","inLanguage":"en-GB","@id":"https:\/\/galeriafernandez-braso.com\/obra\/cantera-rosa\/#primaryimage","url":"https:\/\/galeriafernandez-braso.com\/wp-content\/uploads\/2024\/08\/XV_La_carriere_rose_1965_OL_27x22cm.jpg","contentUrl":"https:\/\/galeriafernandez-braso.com\/wp-content\/uploads\/2024\/08\/XV_La_carriere_rose_1965_OL_27x22cm.jpg","width":1856,"height":2311},{"@type":"BreadcrumbList","@id":"https:\/\/galeriafernandez-braso.com\/obra\/cantera-rosa\/#breadcrumb","itemListElement":[{"@type":"ListItem","position":1,"name":"Portada","item":"https:\/\/galeriafernandez-braso.com\/"},{"@type":"ListItem","position":2,"name":"Obras","item":"https:\/\/galeriafernandez-braso.com\/obra\/"},{"@type":"ListItem","position":3,"name":"Cantera rosa"}]},{"@type":"WebSite","@id":"https:\/\/galeriafernandez-braso.com\/#website","url":"https:\/\/galeriafernandez-braso.com\/","name":"Galer\u00eda Fernandez Braso","description":"","potentialAction":[{"@type":"SearchAction","target":{"@type":"EntryPoint","urlTemplate":"https:\/\/galeriafernandez-braso.com\/?s={search_term_string}"},"query-input":{"@type":"PropertyValueSpecification","valueRequired":true,"valueName":"search_term_string"}}],"inLanguage":"en-GB"}]}},"_links":{"self":[{"href":"https:\/\/galeriafernandez-braso.com\/en\/wp-json\/wp\/v2\/obra\/3401","targetHints":{"allow":["GET"]}}],"collection":[{"href":"https:\/\/galeriafernandez-braso.com\/en\/wp-json\/wp\/v2\/obra"}],"about":[{"href":"https:\/\/galeriafernandez-braso.com\/en\/wp-json\/wp\/v2\/types\/obra"}],"author":[{"embeddable":true,"href":"https:\/\/galeriafernandez-braso.com\/en\/wp-json\/wp\/v2\/users\/1"}],"version-history":[{"count":1,"href":"https:\/\/galeriafernandez-braso.com\/en\/wp-json\/wp\/v2\/obra\/3401\/revisions"}],"predecessor-version":[{"id":3403,"href":"https:\/\/galeriafernandez-braso.com\/en\/wp-json\/wp\/v2\/obra\/3401\/revisions\/3403"}],"wp:featuredmedia":[{"embeddable":true,"href":"https:\/\/galeriafernandez-braso.com\/en\/wp-json\/wp\/v2\/media\/3402"}],"wp:attachment":[{"href":"https:\/\/galeriafernandez-braso.com\/en\/wp-json\/wp\/v2\/media?parent=3401"}],"wp:term":[{"taxonomy":"category","embeddable":true,"href":"https:\/\/galeriafernandez-braso.com\/en\/wp-json\/wp\/v2\/categories?post=3401"},{"taxonomy":"autor","embeddable":true,"href":"https:\/\/galeriafernandez-braso.com\/en\/wp-json\/wp\/v2\/autor?post=3401"},{"taxonomy":"exposicion","embeddable":true,"href":"https:\/\/galeriafernandez-braso.com\/en\/wp-json\/wp\/v2\/exposicion?post=3401"}],"curies":[{"name":"wp","href":"https:\/\/api.w.org\/{rel}","templated":true}]}}

<p>1965Óleo sobre lienzo27 x 22 cmDisponibleContactar con galería</p>

<!-- This site is optimized with the Yoast SEO plugin v27.5 - https://yoast.com/product/yoast-seo-wordpress/ -->
<title>Cantera rosa - Galería Fernandez Braso</title>
<meta name="robots" content="index, follow, max-snippet:-1, max-image-preview:large, max-video-preview:-1" />
<link rel="canonical" href="https://galeriafernandez-braso.com/en/obra/cantera-rosa/" />
<meta property="og:locale" content="en_GB" />
<meta property="og:type" content="article" />
<meta property="og:title" content="Cantera rosa - Galería Fernandez Braso" />
<meta property="og:description" content="1965Óleo sobre lienzo27 x 22 cmDisponibleContactar con galería" />
<meta property="og:url" content="https://galeriafernandez-braso.com/en/obra/cantera-rosa/" />
<meta property="og:site_name" content="Galería Fernandez Braso" />
<meta property="article:modified_time" content="2026-02-20T17:53:12+00:00" />
<meta property="og:image" content="https://galeriafernandez-braso.com/wp-content/uploads/2024/08/XV_La_carriere_rose_1965_OL_27x22cm-822x1024.jpg" />
	<meta property="og:image:width" content="822" />
	<meta property="og:image:height" content="1024" />
	<meta property="og:image:type" content="image/jpeg" />
<meta name="twitter:card" content="summary_large_image" />
<meta name="twitter:label1" content="Estimated reading time" />
	<meta name="twitter:data1" content="1 minute" />
<script type="application/ld+json" class="yoast-schema-graph">{"@context":"https:\/\/schema.org","@graph":[{"@type":"WebPage","@id":"https:\/\/galeriafernandez-braso.com\/obra\/cantera-rosa\/","url":"https:\/\/galeriafernandez-braso.com\/obra\/cantera-rosa\/","name":"Cantera rosa - Galería Fernandez Braso","isPartOf":{"@id":"https:\/\/galeriafernandez-braso.com\/#website"},"primaryImageOfPage":{"@id":"https:\/\/galeriafernandez-braso.com\/obra\/cantera-rosa\/#primaryimage"},"image":{"@id":"https:\/\/galeriafernandez-braso.com\/obra\/cantera-rosa\/#primaryimage"},"thumbnailUrl":"https:\/\/galeriafernandez-braso.com\/wp-content\/uploads\/2024\/08\/XV_La_carriere_rose_1965_OL_27x22cm.jpg","datePublished":"2024-08-16T17:01:47+00:00","dateModified":"2026-02-20T17:53:12+00:00","breadcrumb":{"@id":"https:\/\/galeriafernandez-braso.com\/obra\/cantera-rosa\/#breadcrumb"},"inLanguage":"en-GB","potentialAction":[{"@type":"ReadAction","target":["https:\/\/galeriafernandez-braso.com\/obra\/cantera-rosa\/"]}]},{"@type":"ImageObject","inLanguage":"en-GB","@id":"https:\/\/galeriafernandez-braso.com\/obra\/cantera-rosa\/#primaryimage","url":"https:\/\/galeriafernandez-braso.com\/wp-content\/uploads\/2024\/08\/XV_La_carriere_rose_1965_OL_27x22cm.jpg","contentUrl":"https:\/\/galeriafernandez-braso.com\/wp-content\/uploads\/2024\/08\/XV_La_carriere_rose_1965_OL_27x22cm.jpg","width":1856,"height":2311},{"@type":"BreadcrumbList","@id":"https:\/\/galeriafernandez-braso.com\/obra\/cantera-rosa\/#breadcrumb","itemListElement":[{"@type":"ListItem","position":1,"name":"Portada","item":"https:\/\/galeriafernandez-braso.com\/"},{"@type":"ListItem","position":2,"name":"Obras","item":"https:\/\/galeriafernandez-braso.com\/obra\/"},{"@type":"ListItem","position":3,"name":"Cantera rosa"}]},{"@type":"WebSite","@id":"https:\/\/galeriafernandez-braso.com\/#website","url":"https:\/\/galeriafernandez-braso.com\/","name":"Galería Fernandez Braso","description":"","potentialAction":[{"@type":"SearchAction","target":{"@type":"EntryPoint","urlTemplate":"https:\/\/galeriafernandez-braso.com\/?s={search_term_string}"},"query-input":{"@type":"PropertyValueSpecification","valueRequired":true,"valueName":"search_term_string"}}],"inLanguage":"en-GB"}]}</script>
<!-- / Yoast SEO plugin. -->

Cantera rosa - Galería Fernandez Braso

1965Óleo sobre lienzo27 x 22 cmDisponibleContactar con galería

Galería Fernandez Braso
