{"id":3548,"date":"2024-08-16T20:59:29","date_gmt":"2024-08-16T18:59:29","guid":{"rendered":"https:\/\/galeriafernandez-braso.com\/?post_type=evento&#038;p=3548"},"modified":"2024-10-02T12:58:43","modified_gmt":"2024-10-02T10:58:43","slug":"2024-felix-de-la-concha","status":"publish","type":"evento","link":"https:\/\/galeriafernandez-braso.com\/en\/evento\/2024-felix-de-la-concha\/","title":{"rendered":"2024. F\u00e9lix de la Concha"},"content":{"rendered":"<p><strong>F\u00c9LIX DE LA CONCHA<\/strong><\/p>\n\n\n\n<p><em>IOWA<\/em><\/p>\n\n\n\n<p>12 de septiembre \/ 8 de noviembre<\/p>\n\n\n\n<p>To coincide with the publication of&nbsp;<em>Las Meninas from an artificial light. Diary of a copy<\/em>&nbsp;(Edition Kingdom of Cordelia, 2024) gallery Fern\u00e1ndez-Braso presents the exhibition&nbsp;<em>IOWA<\/em>, the artist Felix de la Concha (Leon, 1962).<\/p>\n\n\n\n<p>Second solo exhibition of F\u00e9lix de la Concha in the gallery, after&nbsp;<em>White Towers After Fallingwater<\/em>&nbsp;held in 2022, and after presenting various projects in the latest editions of ARCOmadrid and ARCOlisboa.<\/p>\n\n\n<div class='yrm-content yrm-content-1 yrm-content-hide' id='yrm-e6q4P' data-id='1' data-show-status='false' data-after-action='' style=\"visibility: hidden;height: 0;\">\n\t\t\t<div id='yrm-inner-content-yrm-e6q4P' class='yrm-inner-content-wrapper yrm-cntent-1'><\/p>\n\n\n\n<p>If the book recounts the copy process, analysis and dialogue with the original Velazquez in the interior of the study during the time that the artist couldn&#039;t paint on the outside, the exhibition shows the series of works painted in Iowa&nbsp;<em>plein air<\/em>&nbsp;between the years 2009 and 2014.<\/p>\n\n\n\n<p>Armando Montesinos is the specialist in contemporary art, on this occasion made the text that will form part of the digital catalog and role of the current exhibition of F\u00e9lix de la Concha. In he challenges the perception and conflict environment the term realism and its relationship, differences, and limits between the pictorial language and photography. The uniqueness of the work of Felix, difficult to classify only in this movement, also near to other languages, such as the conceptual and minimal. \u201cIn his work investigates the physical reality of the painting at the same time, that designs and deploys the fiction of representation. While, with evidence and awareness of knowledge,&nbsp;<em>simulates<\/em>&nbsp;that only paints, Shell inhabits that chasm between what is seen and what is represented in which they reside in the mystery and beauty\u201d.<\/p>\n\n\n\n<p>F\u00e9lix de la Concha studied at the Faculty of Fine Arts of Madrid until 1985, when it is awarded in the First exhibition of Young Art (Fine Arts Circle of Madrid). In 1989 he received a scholarship from the Academy of Spain in Rome and working in Italy until 1995, the year that he moved to the united States, where she continues to be a large part of his artistic career. His pictorial work part of the natural and focuses on the urban landscape and portrait. In both introduces the temporal concept as the basis both in the process of execution, as in the uptake of the reasons. His works in landscape structure is often in pol\u00edpticos or series, as&nbsp;<em>One A Day: 365 Views of the Cathedral of<\/em>&nbsp;Learning (1998-1999) and&nbsp;<em>Fallingwater in Perspective<\/em>&nbsp;(2005-2006).<\/p>\n\n\n\n<p>His work has been exhibited widely both in Spain and in the united States. The last samples in our country were&nbsp;<em>Las meninas from an artificial light<\/em>&nbsp;in the Museum Casa Botines, Le\u00f3n;&nbsp;<em>Porch<\/em>&nbsp;in the Museo L\u00e1zaro Galdiano in Madrid and&nbsp;<em>Remains of a shipwreck<\/em>&nbsp;in the Contemporary Art Center of Burgos (CAB). In 2024, and on behalf of the Boca Raton Museum of Art in Florida will make a specific project to celebrate the 100th anniversary of the city, and 75 of the museum.<\/p>\n\n\n\n<p>Exposure&nbsp;<em>IOWA<\/em>&nbsp;formar\u00e1 parte de APERTURA MADRID GALLERY WEEKEND.<\/p>\n\n\n<p><\/div>\n\t\t<\/div><div class='yrm-btn-wrapper yrm-inline-wrapper yrm-btn-wrapper-1  yrm-more-button-wrapper'><span title='Read +' data-less-title='Leer -' data-more-title='Leer +'  class='yrm-toggle-expand  yrm-toggle-expand-1' data-rel='yrm-e6q4P' data-more='Leer+' data-less='Leer -' style='border: none; width: 100%;'><span class=\"yrm-button-text-1 yrm-button-text-span\">Read+<\/span><\/span><\/div>\n\n\n\n<p><\/p>","protected":false},"excerpt":{"rendered":"<p>F\u00c9LIX DE LA CONCHA IOWA 12 de septiembre \/ 8 de noviembre Coincidiendo con la publicaci\u00f3n de&nbsp;Las Meninas desde una [&hellip;]<\/p>\n","protected":false},"author":1,"featured_media":4552,"parent":0,"menu_order":0,"template":"","format":"standard","meta":{"_acf_changed":false,"_monsterinsights_skip_tracking":false,"_monsterinsights_sitenote_active":false,"_monsterinsights_sitenote_note":"","_monsterinsights_sitenote_category":0,"footnotes":""},"categories":[8],"class_list":["post-3548","evento","type-evento","status-publish","format-standard","has-post-thumbnail","hentry","category-exposiciones"],"acf":[],"yoast_head":"<!-- This site is optimized with the Yoast SEO plugin v27.5 - https:\/\/yoast.com\/product\/yoast-seo-wordpress\/ -->\n<title>2024. F\u00e9lix de la Concha - Galer\u00eda Fernandez Braso<\/title>\n<meta name=\"robots\" content=\"index, follow, max-snippet:-1, max-image-preview:large, max-video-preview:-1\" \/>\n<link rel=\"canonical\" href=\"https:\/\/galeriafernandez-braso.com\/en\/evento\/2024-felix-de-la-concha\/\" \/>\n<meta property=\"og:locale\" content=\"en_GB\" \/>\n<meta property=\"og:type\" content=\"article\" \/>\n<meta property=\"og:title\" content=\"2024. F\u00e9lix de la Concha - Galer\u00eda Fernandez Braso\" \/>\n<meta property=\"og:description\" content=\"F\u00c9LIX DE LA CONCHA IOWA 12 de septiembre \/ 8 de noviembre Coincidiendo con la publicaci\u00f3n de&nbsp;Las Meninas desde una [&hellip;]\" \/>\n<meta property=\"og:url\" content=\"https:\/\/galeriafernandez-braso.com\/en\/evento\/2024-felix-de-la-concha\/\" \/>\n<meta property=\"og:site_name\" content=\"Galer\u00eda Fernandez Braso\" \/>\n<meta property=\"article:modified_time\" content=\"2024-10-02T10:58:43+00:00\" \/>\n<meta property=\"og:image\" content=\"https:\/\/galeriafernandez-braso.com\/wp-content\/uploads\/2024\/09\/Portada-web-catalogo-IOWA-1.jpg\" \/>\n\t<meta property=\"og:image:width\" content=\"945\" \/>\n\t<meta property=\"og:image:height\" content=\"1417\" \/>\n\t<meta property=\"og:image:type\" content=\"image\/jpeg\" \/>\n<meta name=\"twitter:card\" content=\"summary_large_image\" \/>\n<meta name=\"twitter:label1\" content=\"Estimated reading time\" \/>\n\t<meta name=\"twitter:data1\" content=\"3 minutes\" \/>\n<script type=\"application\/ld+json\" class=\"yoast-schema-graph\">{\"@context\":\"https:\\\/\\\/schema.org\",\"@graph\":[{\"@type\":\"WebPage\",\"@id\":\"https:\\\/\\\/galeriafernandez-braso.com\\\/evento\\\/2024-felix-de-la-concha\\\/\",\"url\":\"https:\\\/\\\/galeriafernandez-braso.com\\\/evento\\\/2024-felix-de-la-concha\\\/\",\"name\":\"2024. F\u00e9lix de la Concha - Galer\u00eda Fernandez Braso\",\"isPartOf\":{\"@id\":\"https:\\\/\\\/galeriafernandez-braso.com\\\/#website\"},\"primaryImageOfPage\":{\"@id\":\"https:\\\/\\\/galeriafernandez-braso.com\\\/evento\\\/2024-felix-de-la-concha\\\/#primaryimage\"},\"image\":{\"@id\":\"https:\\\/\\\/galeriafernandez-braso.com\\\/evento\\\/2024-felix-de-la-concha\\\/#primaryimage\"},\"thumbnailUrl\":\"https:\\\/\\\/galeriafernandez-braso.com\\\/wp-content\\\/uploads\\\/2024\\\/09\\\/Portada-web-catalogo-IOWA-1.jpg\",\"datePublished\":\"2024-08-16T18:59:29+00:00\",\"dateModified\":\"2024-10-02T10:58:43+00:00\",\"breadcrumb\":{\"@id\":\"https:\\\/\\\/galeriafernandez-braso.com\\\/evento\\\/2024-felix-de-la-concha\\\/#breadcrumb\"},\"inLanguage\":\"en-GB\",\"potentialAction\":[{\"@type\":\"ReadAction\",\"target\":[\"https:\\\/\\\/galeriafernandez-braso.com\\\/evento\\\/2024-felix-de-la-concha\\\/\"]}]},{\"@type\":\"ImageObject\",\"inLanguage\":\"en-GB\",\"@id\":\"https:\\\/\\\/galeriafernandez-braso.com\\\/evento\\\/2024-felix-de-la-concha\\\/#primaryimage\",\"url\":\"https:\\\/\\\/galeriafernandez-braso.com\\\/wp-content\\\/uploads\\\/2024\\\/09\\\/Portada-web-catalogo-IOWA-1.jpg\",\"contentUrl\":\"https:\\\/\\\/galeriafernandez-braso.com\\\/wp-content\\\/uploads\\\/2024\\\/09\\\/Portada-web-catalogo-IOWA-1.jpg\",\"width\":945,\"height\":1417},{\"@type\":\"BreadcrumbList\",\"@id\":\"https:\\\/\\\/galeriafernandez-braso.com\\\/evento\\\/2024-felix-de-la-concha\\\/#breadcrumb\",\"itemListElement\":[{\"@type\":\"ListItem\",\"position\":1,\"name\":\"Portada\",\"item\":\"https:\\\/\\\/galeriafernandez-braso.com\\\/\"},{\"@type\":\"ListItem\",\"position\":2,\"name\":\"2024. F\u00e9lix de la Concha\"}]},{\"@type\":\"WebSite\",\"@id\":\"https:\\\/\\\/galeriafernandez-braso.com\\\/#website\",\"url\":\"https:\\\/\\\/galeriafernandez-braso.com\\\/\",\"name\":\"Galer\u00eda Fernandez Braso\",\"description\":\"\",\"potentialAction\":[{\"@type\":\"SearchAction\",\"target\":{\"@type\":\"EntryPoint\",\"urlTemplate\":\"https:\\\/\\\/galeriafernandez-braso.com\\\/?s={search_term_string}\"},\"query-input\":{\"@type\":\"PropertyValueSpecification\",\"valueRequired\":true,\"valueName\":\"search_term_string\"}}],\"inLanguage\":\"en-GB\"}]}<\/script>\n<!-- \/ Yoast SEO plugin. -->","yoast_head_json":{"title":"2024. F\u00e9lix de la Concha - Galer\u00eda Fernandez Braso","robots":{"index":"index","follow":"follow","max-snippet":"max-snippet:-1","max-image-preview":"max-image-preview:large","max-video-preview":"max-video-preview:-1"},"canonical":"https:\/\/galeriafernandez-braso.com\/en\/evento\/2024-felix-de-la-concha\/","og_locale":"en_GB","og_type":"article","og_title":"2024. F\u00e9lix de la Concha - Galer\u00eda Fernandez Braso","og_description":"F\u00c9LIX DE LA CONCHA IOWA 12 de septiembre \/ 8 de noviembre Coincidiendo con la publicaci\u00f3n de&nbsp;Las Meninas desde una [&hellip;]","og_url":"https:\/\/galeriafernandez-braso.com\/en\/evento\/2024-felix-de-la-concha\/","og_site_name":"Galer\u00eda Fernandez Braso","article_modified_time":"2024-10-02T10:58:43+00:00","og_image":[{"width":945,"height":1417,"url":"https:\/\/galeriafernandez-braso.com\/wp-content\/uploads\/2024\/09\/Portada-web-catalogo-IOWA-1.jpg","type":"image\/jpeg"}],"twitter_card":"summary_large_image","twitter_misc":{"Estimated reading time":"3 minutes"},"schema":{"@context":"https:\/\/schema.org","@graph":[{"@type":"WebPage","@id":"https:\/\/galeriafernandez-braso.com\/evento\/2024-felix-de-la-concha\/","url":"https:\/\/galeriafernandez-braso.com\/evento\/2024-felix-de-la-concha\/","name":"2024. F\u00e9lix de la Concha - Galer\u00eda Fernandez Braso","isPartOf":{"@id":"https:\/\/galeriafernandez-braso.com\/#website"},"primaryImageOfPage":{"@id":"https:\/\/galeriafernandez-braso.com\/evento\/2024-felix-de-la-concha\/#primaryimage"},"image":{"@id":"https:\/\/galeriafernandez-braso.com\/evento\/2024-felix-de-la-concha\/#primaryimage"},"thumbnailUrl":"https:\/\/galeriafernandez-braso.com\/wp-content\/uploads\/2024\/09\/Portada-web-catalogo-IOWA-1.jpg","datePublished":"2024-08-16T18:59:29+00:00","dateModified":"2024-10-02T10:58:43+00:00","breadcrumb":{"@id":"https:\/\/galeriafernandez-braso.com\/evento\/2024-felix-de-la-concha\/#breadcrumb"},"inLanguage":"en-GB","potentialAction":[{"@type":"ReadAction","target":["https:\/\/galeriafernandez-braso.com\/evento\/2024-felix-de-la-concha\/"]}]},{"@type":"ImageObject","inLanguage":"en-GB","@id":"https:\/\/galeriafernandez-braso.com\/evento\/2024-felix-de-la-concha\/#primaryimage","url":"https:\/\/galeriafernandez-braso.com\/wp-content\/uploads\/2024\/09\/Portada-web-catalogo-IOWA-1.jpg","contentUrl":"https:\/\/galeriafernandez-braso.com\/wp-content\/uploads\/2024\/09\/Portada-web-catalogo-IOWA-1.jpg","width":945,"height":1417},{"@type":"BreadcrumbList","@id":"https:\/\/galeriafernandez-braso.com\/evento\/2024-felix-de-la-concha\/#breadcrumb","itemListElement":[{"@type":"ListItem","position":1,"name":"Portada","item":"https:\/\/galeriafernandez-braso.com\/"},{"@type":"ListItem","position":2,"name":"2024. F\u00e9lix de la Concha"}]},{"@type":"WebSite","@id":"https:\/\/galeriafernandez-braso.com\/#website","url":"https:\/\/galeriafernandez-braso.com\/","name":"Galer\u00eda Fernandez Braso","description":"","potentialAction":[{"@type":"SearchAction","target":{"@type":"EntryPoint","urlTemplate":"https:\/\/galeriafernandez-braso.com\/?s={search_term_string}"},"query-input":{"@type":"PropertyValueSpecification","valueRequired":true,"valueName":"search_term_string"}}],"inLanguage":"en-GB"}]}},"_links":{"self":[{"href":"https:\/\/galeriafernandez-braso.com\/en\/wp-json\/wp\/v2\/evento\/3548","targetHints":{"allow":["GET"]}}],"collection":[{"href":"https:\/\/galeriafernandez-braso.com\/en\/wp-json\/wp\/v2\/evento"}],"about":[{"href":"https:\/\/galeriafernandez-braso.com\/en\/wp-json\/wp\/v2\/types\/evento"}],"author":[{"embeddable":true,"href":"https:\/\/galeriafernandez-braso.com\/en\/wp-json\/wp\/v2\/users\/1"}],"version-history":[{"count":24,"href":"https:\/\/galeriafernandez-braso.com\/en\/wp-json\/wp\/v2\/evento\/3548\/revisions"}],"predecessor-version":[{"id":4875,"href":"https:\/\/galeriafernandez-braso.com\/en\/wp-json\/wp\/v2\/evento\/3548\/revisions\/4875"}],"wp:featuredmedia":[{"embeddable":true,"href":"https:\/\/galeriafernandez-braso.com\/en\/wp-json\/wp\/v2\/media\/4552"}],"wp:attachment":[{"href":"https:\/\/galeriafernandez-braso.com\/en\/wp-json\/wp\/v2\/media?parent=3548"}],"wp:term":[{"taxonomy":"category","embeddable":true,"href":"https:\/\/galeriafernandez-braso.com\/en\/wp-json\/wp\/v2\/categories?post=3548"}],"curies":[{"name":"wp","href":"https:\/\/api.w.org\/{rel}","templated":true}]}}

2024. Félix de la Concha

<p><strong>FÉLIX DE LA CONCHA</strong></p>



<p><em>IOWA</em></p>



<p>12 de septiembre / 8 de noviembre</p>



<p>To coincide with the publication of&nbsp;<em>Las Meninas from an artificial light. Diary of a copy</em>&nbsp;(Edition Kingdom of Cordelia, 2024) gallery Fernández-Braso presents the exhibition&nbsp;<em>IOWA</em>, the artist Felix de la Concha (Leon, 1962).</p>



<p>Second solo exhibition of Félix de la Concha in the gallery, after&nbsp;<em>White Towers After Fallingwater</em>&nbsp;held in 2022, and after presenting various projects in the latest editions of ARCOmadrid and ARCOlisboa.</p>


<div class='yrm-content yrm-content-1 yrm-content-hide' id='yrm-e6q4P' data-id='1' data-show-status='false' data-after-action='' style="visibility: hidden;height: 0;">
			<div id='yrm-inner-content-yrm-e6q4P' class='yrm-inner-content-wrapper yrm-cntent-1'></p>



<p>If the book recounts the copy process, analysis and dialogue with the original Velazquez in the interior of the study during the time that the artist couldn&#039;t paint on the outside, the exhibition shows the series of works painted in Iowa&nbsp;<em>plein air</em>&nbsp;between the years 2009 and 2014.</p>



<p>Armando Montesinos is the specialist in contemporary art, on this occasion made the text that will form part of the digital catalog and role of the current exhibition of Félix de la Concha. In he challenges the perception and conflict environment the term realism and its relationship, differences, and limits between the pictorial language and photography. The uniqueness of the work of Felix, difficult to classify only in this movement, also near to other languages, such as the conceptual and minimal. “In his work investigates the physical reality of the painting at the same time, that designs and deploys the fiction of representation. While, with evidence and awareness of knowledge,&nbsp;<em>simulates</em>&nbsp;that only paints, Shell inhabits that chasm between what is seen and what is represented in which they reside in the mystery and beauty”.</p>



<p>Félix de la Concha studied at the Faculty of Fine Arts of Madrid until 1985, when it is awarded in the First exhibition of Young Art (Fine Arts Circle of Madrid). In 1989 he received a scholarship from the Academy of Spain in Rome and working in Italy until 1995, the year that he moved to the united States, where she continues to be a large part of his artistic career. His pictorial work part of the natural and focuses on the urban landscape and portrait. In both introduces the temporal concept as the basis both in the process of execution, as in the uptake of the reasons. His works in landscape structure is often in polípticos or series, as&nbsp;<em>One A Day: 365 Views of the Cathedral of</em>&nbsp;Learning (1998-1999) and&nbsp;<em>Fallingwater in Perspective</em>&nbsp;(2005-2006).</p>



<p>His work has been exhibited widely both in Spain and in the united States. The last samples in our country were&nbsp;<em>Las meninas from an artificial light</em>&nbsp;in the Museum Casa Botines, León;&nbsp;<em>Porch</em>&nbsp;in the Museo Lázaro Galdiano in Madrid and&nbsp;<em>Remains of a shipwreck</em>&nbsp;in the Contemporary Art Center of Burgos (CAB). In 2024, and on behalf of the Boca Raton Museum of Art in Florida will make a specific project to celebrate the 100th anniversary of the city, and 75 of the museum.</p>



<p>Exposure&nbsp;<em>IOWA</em>&nbsp;formará parte de APERTURA MADRID GALLERY WEEKEND.</p>


<p></div>
		</div><div class='yrm-btn-wrapper yrm-inline-wrapper yrm-btn-wrapper-1  yrm-more-button-wrapper'><span title='Read +' data-less-title='Leer -' data-more-title='Leer +'  class='yrm-toggle-expand  yrm-toggle-expand-1' data-rel='yrm-e6q4P' data-more='Leer+' data-less='Leer -' style='border: none; width: 100%;'><span class="yrm-button-text-1 yrm-button-text-span">Read+</span></span></div>



<p></p>

<p>FÉLIX DE LA CONCHA IOWA 12 de septiembre / 8 de noviembre Coincidiendo con la publicación de&nbsp;Las Meninas desde una [&hellip;]</p>

<!-- This site is optimized with the Yoast SEO plugin v27.5 - https://yoast.com/product/yoast-seo-wordpress/ -->
<title>2024. Félix de la Concha - Galería Fernandez Braso</title>
<meta name="robots" content="index, follow, max-snippet:-1, max-image-preview:large, max-video-preview:-1" />
<link rel="canonical" href="https://galeriafernandez-braso.com/en/evento/2024-felix-de-la-concha/" />
<meta property="og:locale" content="en_GB" />
<meta property="og:type" content="article" />
<meta property="og:title" content="2024. Félix de la Concha - Galería Fernandez Braso" />
<meta property="og:description" content="FÉLIX DE LA CONCHA IOWA 12 de septiembre / 8 de noviembre Coincidiendo con la publicación de&nbsp;Las Meninas desde una [&hellip;]" />
<meta property="og:url" content="https://galeriafernandez-braso.com/en/evento/2024-felix-de-la-concha/" />
<meta property="og:site_name" content="Galería Fernandez Braso" />
<meta property="article:modified_time" content="2024-10-02T10:58:43+00:00" />
<meta property="og:image" content="https://galeriafernandez-braso.com/wp-content/uploads/2024/09/Portada-web-catalogo-IOWA-1.jpg" />
	<meta property="og:image:width" content="945" />
	<meta property="og:image:height" content="1417" />
	<meta property="og:image:type" content="image/jpeg" />
<meta name="twitter:card" content="summary_large_image" />
<meta name="twitter:label1" content="Estimated reading time" />
	<meta name="twitter:data1" content="3 minutes" />
<script type="application/ld+json" class="yoast-schema-graph">{"@context":"https:\/\/schema.org","@graph":[{"@type":"WebPage","@id":"https:\/\/galeriafernandez-braso.com\/evento\/2024-felix-de-la-concha\/","url":"https:\/\/galeriafernandez-braso.com\/evento\/2024-felix-de-la-concha\/","name":"2024. Félix de la Concha - Galería Fernandez Braso","isPartOf":{"@id":"https:\/\/galeriafernandez-braso.com\/#website"},"primaryImageOfPage":{"@id":"https:\/\/galeriafernandez-braso.com\/evento\/2024-felix-de-la-concha\/#primaryimage"},"image":{"@id":"https:\/\/galeriafernandez-braso.com\/evento\/2024-felix-de-la-concha\/#primaryimage"},"thumbnailUrl":"https:\/\/galeriafernandez-braso.com\/wp-content\/uploads\/2024\/09\/Portada-web-catalogo-IOWA-1.jpg","datePublished":"2024-08-16T18:59:29+00:00","dateModified":"2024-10-02T10:58:43+00:00","breadcrumb":{"@id":"https:\/\/galeriafernandez-braso.com\/evento\/2024-felix-de-la-concha\/#breadcrumb"},"inLanguage":"en-GB","potentialAction":[{"@type":"ReadAction","target":["https:\/\/galeriafernandez-braso.com\/evento\/2024-felix-de-la-concha\/"]}]},{"@type":"ImageObject","inLanguage":"en-GB","@id":"https:\/\/galeriafernandez-braso.com\/evento\/2024-felix-de-la-concha\/#primaryimage","url":"https:\/\/galeriafernandez-braso.com\/wp-content\/uploads\/2024\/09\/Portada-web-catalogo-IOWA-1.jpg","contentUrl":"https:\/\/galeriafernandez-braso.com\/wp-content\/uploads\/2024\/09\/Portada-web-catalogo-IOWA-1.jpg","width":945,"height":1417},{"@type":"BreadcrumbList","@id":"https:\/\/galeriafernandez-braso.com\/evento\/2024-felix-de-la-concha\/#breadcrumb","itemListElement":[{"@type":"ListItem","position":1,"name":"Portada","item":"https:\/\/galeriafernandez-braso.com\/"},{"@type":"ListItem","position":2,"name":"2024. Félix de la Concha"}]},{"@type":"WebSite","@id":"https:\/\/galeriafernandez-braso.com\/#website","url":"https:\/\/galeriafernandez-braso.com\/","name":"Galería Fernandez Braso","description":"","potentialAction":[{"@type":"SearchAction","target":{"@type":"EntryPoint","urlTemplate":"https:\/\/galeriafernandez-braso.com\/?s={search_term_string}"},"query-input":{"@type":"PropertyValueSpecification","valueRequired":true,"valueName":"search_term_string"}}],"inLanguage":"en-GB"}]}</script>
<!-- / Yoast SEO plugin. -->

2024. Félix de la Concha - Galería Fernandez Braso

FÉLIX DE LA CONCHA IOWA 12 de septiembre / 8 de noviembre Coincidiendo con la publicación de&nbsp;Las Meninas desde una [&hellip;]

Galería Fernandez Braso
