{"id":3437,"date":"2024-08-16T19:29:23","date_gmt":"2024-08-16T17:29:23","guid":{"rendered":"https:\/\/galeriafernandez-braso.com\/?post_type=evento&#038;p=3437"},"modified":"2024-09-25T19:49:52","modified_gmt":"2024-09-25T17:49:52","slug":"2023-cristina-almodovar","status":"publish","type":"evento","link":"https:\/\/galeriafernandez-braso.com\/en\/evento\/2023-cristina-almodovar\/","title":{"rendered":"2023. Cristina Almod\u00f3var"},"content":{"rendered":"<p><strong>CRISTINA ALMODOVAR.&nbsp;<\/strong><strong><em>FULL AND EMPTY<\/em><\/strong><\/p>\n\n\n\n<p>The gallery Fern\u00e1ndez-Braso is pleased to present the first exhibition of the artist Cristina Almodovar (Madrid, 1970). The shows will be part of Opening 2023<a><\/a><\/p>\n\n\n\n<p>&nbsp;Under the title of<em>&nbsp;Full and empty&nbsp;<\/em>the works of Almod\u00f3var will be distributed for the various spaces of the gallery, focusing on the importance that the artist gives to the (inter) relationship and a dialogue between the art object and the place it occupies. The gallery will become, in this way, in the territory, in a fertile land, in the stronghold of remains and traces, in the space that opens up to the empty, and it becomes a screen for the projection of shadows. The sculptures, synthesis and abstraction of forms that refer to a world that is organic, natural, vegetal, mineral - is shown in its dual nature, material and immaterial, delicate and robust, beautiful, and tragic, object and idea. Almod\u00f3var is present in each of the works. His humanity. His body and his hands working the iron. The artistic object, material and corporeal, it refers to the basic fundamentals of art. To the artist creator, metamorphosed in sculpture, generating, in turn, by the poetic language, of phenomena, concerns, ideas, and fears are proper to human nature.<\/p>\n\n\n<div class='yrm-content yrm-content-1 yrm-content-hide' id='yrm-esiG9' data-id='1' data-show-status='false' data-after-action='' style=\"visibility: hidden;height: 0;\">\n\t\t\t<div id='yrm-inner-content-yrm-esiG9' class='yrm-inner-content-wrapper yrm-cntent-1'><\/p>\n\n\n\n<p>&nbsp;Fernando Castro Fl\u00f3rez, art critic, philosopher and professor of aesthetics at the Autonomous University of Madrid, write the text about the artist that will be included in the catalogue of the exhibition of the gallery Fern\u00e1ndez-Braso has been edited as a complement of the sample.<\/p>\n\n\n\n<p>&nbsp;CRISTINA ALMODOVAR (Madrid, 1970), is a Graduate in Fine Arts with a specialty in sculpture. Based on the work of iron, he has been making a constant technical research, multidisciplinary, combining images of inspiration natural to rational concepts, through the visual languages that about his work in the language of poetry. This proximity has led in recent years to perform multiple publications joining their works of poets and writers, and to create the book-object that gives the image to the newly created International Poetry Prize Joan Margarit, in collaboration with the Cervantes Institute and the editorial Bed Sun, recently delivered in New York, california, Sharon Olds, Pulitzer prize for poetry.<\/p>\n\n\n\n<p>September 14 \u2013 October 28<\/p>\n\n\n<p><\/div>\n\t\t<\/div><div class='yrm-btn-wrapper yrm-inline-wrapper yrm-btn-wrapper-1  yrm-more-button-wrapper'><span title='Read +' data-less-title='Leer -' data-more-title='Leer +'  class='yrm-toggle-expand  yrm-toggle-expand-1' data-rel='yrm-esiG9' data-more='Leer+' data-less='Leer -' style='border: none; width: 100%;'><span class=\"yrm-button-text-1 yrm-button-text-span\">Read+<\/span><\/span><\/div>","protected":false},"excerpt":{"rendered":"<p>CRISTINA ALMOD\u00d3VAR.&nbsp;PLENITUD Y VAC\u00cdO La galer\u00eda Fern\u00e1ndez-Braso se complace en presentar la primera exposici\u00f3n de la artista&nbsp;Cristina Almod\u00f3var&nbsp;(Madrid, 1970). La [&hellip;]<\/p>\n","protected":false},"author":1,"featured_media":3440,"parent":0,"menu_order":0,"template":"","format":"standard","meta":{"_acf_changed":false,"_monsterinsights_skip_tracking":false,"_monsterinsights_sitenote_active":false,"_monsterinsights_sitenote_note":"","_monsterinsights_sitenote_category":0,"footnotes":""},"categories":[8],"class_list":["post-3437","evento","type-evento","status-publish","format-standard","has-post-thumbnail","hentry","category-exposiciones"],"acf":[],"yoast_head":"<!-- This site is optimized with the Yoast SEO plugin v27.5 - https:\/\/yoast.com\/product\/yoast-seo-wordpress\/ -->\n<title>2023. Cristina Almod\u00f3var - Galer\u00eda Fernandez Braso<\/title>\n<meta name=\"robots\" content=\"index, follow, max-snippet:-1, max-image-preview:large, max-video-preview:-1\" \/>\n<link rel=\"canonical\" href=\"https:\/\/galeriafernandez-braso.com\/en\/evento\/2023-cristina-almodovar\/\" \/>\n<meta property=\"og:locale\" content=\"en_GB\" \/>\n<meta property=\"og:type\" content=\"article\" \/>\n<meta property=\"og:title\" content=\"2023. Cristina Almod\u00f3var - Galer\u00eda Fernandez Braso\" \/>\n<meta property=\"og:description\" content=\"CRISTINA ALMOD\u00d3VAR.&nbsp;PLENITUD Y VAC\u00cdO La galer\u00eda Fern\u00e1ndez-Braso se complace en presentar la primera exposici\u00f3n de la artista&nbsp;Cristina Almod\u00f3var&nbsp;(Madrid, 1970). La [&hellip;]\" \/>\n<meta property=\"og:url\" content=\"https:\/\/galeriafernandez-braso.com\/en\/evento\/2023-cristina-almodovar\/\" \/>\n<meta property=\"og:site_name\" content=\"Galer\u00eda Fernandez Braso\" \/>\n<meta property=\"article:modified_time\" content=\"2024-09-25T17:49:52+00:00\" \/>\n<meta property=\"og:image\" content=\"https:\/\/galeriafernandez-braso.com\/wp-content\/uploads\/2024\/08\/Continuidad-scaled-1.jpg\" \/>\n\t<meta property=\"og:image:width\" content=\"1475\" \/>\n\t<meta property=\"og:image:height\" content=\"2560\" \/>\n\t<meta property=\"og:image:type\" content=\"image\/jpeg\" \/>\n<meta name=\"twitter:card\" content=\"summary_large_image\" \/>\n<meta name=\"twitter:label1\" content=\"Estimated reading time\" \/>\n\t<meta name=\"twitter:data1\" content=\"2 minutes\" \/>\n<script type=\"application\/ld+json\" class=\"yoast-schema-graph\">{\"@context\":\"https:\\\/\\\/schema.org\",\"@graph\":[{\"@type\":\"WebPage\",\"@id\":\"https:\\\/\\\/galeriafernandez-braso.com\\\/evento\\\/2023-cristina-almodovar\\\/\",\"url\":\"https:\\\/\\\/galeriafernandez-braso.com\\\/evento\\\/2023-cristina-almodovar\\\/\",\"name\":\"2023. Cristina Almod\u00f3var - Galer\u00eda Fernandez Braso\",\"isPartOf\":{\"@id\":\"https:\\\/\\\/galeriafernandez-braso.com\\\/#website\"},\"primaryImageOfPage\":{\"@id\":\"https:\\\/\\\/galeriafernandez-braso.com\\\/evento\\\/2023-cristina-almodovar\\\/#primaryimage\"},\"image\":{\"@id\":\"https:\\\/\\\/galeriafernandez-braso.com\\\/evento\\\/2023-cristina-almodovar\\\/#primaryimage\"},\"thumbnailUrl\":\"https:\\\/\\\/galeriafernandez-braso.com\\\/wp-content\\\/uploads\\\/2024\\\/08\\\/Continuidad-scaled-1.jpg\",\"datePublished\":\"2024-08-16T17:29:23+00:00\",\"dateModified\":\"2024-09-25T17:49:52+00:00\",\"breadcrumb\":{\"@id\":\"https:\\\/\\\/galeriafernandez-braso.com\\\/evento\\\/2023-cristina-almodovar\\\/#breadcrumb\"},\"inLanguage\":\"en-GB\",\"potentialAction\":[{\"@type\":\"ReadAction\",\"target\":[\"https:\\\/\\\/galeriafernandez-braso.com\\\/evento\\\/2023-cristina-almodovar\\\/\"]}]},{\"@type\":\"ImageObject\",\"inLanguage\":\"en-GB\",\"@id\":\"https:\\\/\\\/galeriafernandez-braso.com\\\/evento\\\/2023-cristina-almodovar\\\/#primaryimage\",\"url\":\"https:\\\/\\\/galeriafernandez-braso.com\\\/wp-content\\\/uploads\\\/2024\\\/08\\\/Continuidad-scaled-1.jpg\",\"contentUrl\":\"https:\\\/\\\/galeriafernandez-braso.com\\\/wp-content\\\/uploads\\\/2024\\\/08\\\/Continuidad-scaled-1.jpg\",\"width\":1475,\"height\":2560},{\"@type\":\"BreadcrumbList\",\"@id\":\"https:\\\/\\\/galeriafernandez-braso.com\\\/evento\\\/2023-cristina-almodovar\\\/#breadcrumb\",\"itemListElement\":[{\"@type\":\"ListItem\",\"position\":1,\"name\":\"Portada\",\"item\":\"https:\\\/\\\/galeriafernandez-braso.com\\\/\"},{\"@type\":\"ListItem\",\"position\":2,\"name\":\"2023. Cristina Almod\u00f3var\"}]},{\"@type\":\"WebSite\",\"@id\":\"https:\\\/\\\/galeriafernandez-braso.com\\\/#website\",\"url\":\"https:\\\/\\\/galeriafernandez-braso.com\\\/\",\"name\":\"Galer\u00eda Fernandez Braso\",\"description\":\"\",\"potentialAction\":[{\"@type\":\"SearchAction\",\"target\":{\"@type\":\"EntryPoint\",\"urlTemplate\":\"https:\\\/\\\/galeriafernandez-braso.com\\\/?s={search_term_string}\"},\"query-input\":{\"@type\":\"PropertyValueSpecification\",\"valueRequired\":true,\"valueName\":\"search_term_string\"}}],\"inLanguage\":\"en-GB\"}]}<\/script>\n<!-- \/ Yoast SEO plugin. -->","yoast_head_json":{"title":"2023. Cristina Almod\u00f3var - Galer\u00eda Fernandez Braso","robots":{"index":"index","follow":"follow","max-snippet":"max-snippet:-1","max-image-preview":"max-image-preview:large","max-video-preview":"max-video-preview:-1"},"canonical":"https:\/\/galeriafernandez-braso.com\/en\/evento\/2023-cristina-almodovar\/","og_locale":"en_GB","og_type":"article","og_title":"2023. Cristina Almod\u00f3var - Galer\u00eda Fernandez Braso","og_description":"CRISTINA ALMOD\u00d3VAR.&nbsp;PLENITUD Y VAC\u00cdO La galer\u00eda Fern\u00e1ndez-Braso se complace en presentar la primera exposici\u00f3n de la artista&nbsp;Cristina Almod\u00f3var&nbsp;(Madrid, 1970). La [&hellip;]","og_url":"https:\/\/galeriafernandez-braso.com\/en\/evento\/2023-cristina-almodovar\/","og_site_name":"Galer\u00eda Fernandez Braso","article_modified_time":"2024-09-25T17:49:52+00:00","og_image":[{"width":1475,"height":2560,"url":"https:\/\/galeriafernandez-braso.com\/wp-content\/uploads\/2024\/08\/Continuidad-scaled-1.jpg","type":"image\/jpeg"}],"twitter_card":"summary_large_image","twitter_misc":{"Estimated reading time":"2 minutes"},"schema":{"@context":"https:\/\/schema.org","@graph":[{"@type":"WebPage","@id":"https:\/\/galeriafernandez-braso.com\/evento\/2023-cristina-almodovar\/","url":"https:\/\/galeriafernandez-braso.com\/evento\/2023-cristina-almodovar\/","name":"2023. Cristina Almod\u00f3var - Galer\u00eda Fernandez Braso","isPartOf":{"@id":"https:\/\/galeriafernandez-braso.com\/#website"},"primaryImageOfPage":{"@id":"https:\/\/galeriafernandez-braso.com\/evento\/2023-cristina-almodovar\/#primaryimage"},"image":{"@id":"https:\/\/galeriafernandez-braso.com\/evento\/2023-cristina-almodovar\/#primaryimage"},"thumbnailUrl":"https:\/\/galeriafernandez-braso.com\/wp-content\/uploads\/2024\/08\/Continuidad-scaled-1.jpg","datePublished":"2024-08-16T17:29:23+00:00","dateModified":"2024-09-25T17:49:52+00:00","breadcrumb":{"@id":"https:\/\/galeriafernandez-braso.com\/evento\/2023-cristina-almodovar\/#breadcrumb"},"inLanguage":"en-GB","potentialAction":[{"@type":"ReadAction","target":["https:\/\/galeriafernandez-braso.com\/evento\/2023-cristina-almodovar\/"]}]},{"@type":"ImageObject","inLanguage":"en-GB","@id":"https:\/\/galeriafernandez-braso.com\/evento\/2023-cristina-almodovar\/#primaryimage","url":"https:\/\/galeriafernandez-braso.com\/wp-content\/uploads\/2024\/08\/Continuidad-scaled-1.jpg","contentUrl":"https:\/\/galeriafernandez-braso.com\/wp-content\/uploads\/2024\/08\/Continuidad-scaled-1.jpg","width":1475,"height":2560},{"@type":"BreadcrumbList","@id":"https:\/\/galeriafernandez-braso.com\/evento\/2023-cristina-almodovar\/#breadcrumb","itemListElement":[{"@type":"ListItem","position":1,"name":"Portada","item":"https:\/\/galeriafernandez-braso.com\/"},{"@type":"ListItem","position":2,"name":"2023. Cristina Almod\u00f3var"}]},{"@type":"WebSite","@id":"https:\/\/galeriafernandez-braso.com\/#website","url":"https:\/\/galeriafernandez-braso.com\/","name":"Galer\u00eda Fernandez Braso","description":"","potentialAction":[{"@type":"SearchAction","target":{"@type":"EntryPoint","urlTemplate":"https:\/\/galeriafernandez-braso.com\/?s={search_term_string}"},"query-input":{"@type":"PropertyValueSpecification","valueRequired":true,"valueName":"search_term_string"}}],"inLanguage":"en-GB"}]}},"_links":{"self":[{"href":"https:\/\/galeriafernandez-braso.com\/en\/wp-json\/wp\/v2\/evento\/3437","targetHints":{"allow":["GET"]}}],"collection":[{"href":"https:\/\/galeriafernandez-braso.com\/en\/wp-json\/wp\/v2\/evento"}],"about":[{"href":"https:\/\/galeriafernandez-braso.com\/en\/wp-json\/wp\/v2\/types\/evento"}],"author":[{"embeddable":true,"href":"https:\/\/galeriafernandez-braso.com\/en\/wp-json\/wp\/v2\/users\/1"}],"version-history":[{"count":4,"href":"https:\/\/galeriafernandez-braso.com\/en\/wp-json\/wp\/v2\/evento\/3437\/revisions"}],"predecessor-version":[{"id":4839,"href":"https:\/\/galeriafernandez-braso.com\/en\/wp-json\/wp\/v2\/evento\/3437\/revisions\/4839"}],"wp:featuredmedia":[{"embeddable":true,"href":"https:\/\/galeriafernandez-braso.com\/en\/wp-json\/wp\/v2\/media\/3440"}],"wp:attachment":[{"href":"https:\/\/galeriafernandez-braso.com\/en\/wp-json\/wp\/v2\/media?parent=3437"}],"wp:term":[{"taxonomy":"category","embeddable":true,"href":"https:\/\/galeriafernandez-braso.com\/en\/wp-json\/wp\/v2\/categories?post=3437"}],"curies":[{"name":"wp","href":"https:\/\/api.w.org\/{rel}","templated":true}]}}

2023. Cristina Almodóvar

<p><strong>CRISTINA ALMODOVAR.&nbsp;</strong><strong><em>FULL AND EMPTY</em></strong></p>



<p>The gallery Fernández-Braso is pleased to present the first exhibition of the artist Cristina Almodovar (Madrid, 1970). The shows will be part of Opening 2023<a></a></p>



<p>&nbsp;Under the title of<em>&nbsp;Full and empty&nbsp;</em>the works of Almodóvar will be distributed for the various spaces of the gallery, focusing on the importance that the artist gives to the (inter) relationship and a dialogue between the art object and the place it occupies. The gallery will become, in this way, in the territory, in a fertile land, in the stronghold of remains and traces, in the space that opens up to the empty, and it becomes a screen for the projection of shadows. The sculptures, synthesis and abstraction of forms that refer to a world that is organic, natural, vegetal, mineral - is shown in its dual nature, material and immaterial, delicate and robust, beautiful, and tragic, object and idea. Almodóvar is present in each of the works. His humanity. His body and his hands working the iron. The artistic object, material and corporeal, it refers to the basic fundamentals of art. To the artist creator, metamorphosed in sculpture, generating, in turn, by the poetic language, of phenomena, concerns, ideas, and fears are proper to human nature.</p>


<div class='yrm-content yrm-content-1 yrm-content-hide' id='yrm-esiG9' data-id='1' data-show-status='false' data-after-action='' style="visibility: hidden;height: 0;">
			<div id='yrm-inner-content-yrm-esiG9' class='yrm-inner-content-wrapper yrm-cntent-1'></p>



<p>&nbsp;Fernando Castro Flórez, art critic, philosopher and professor of aesthetics at the Autonomous University of Madrid, write the text about the artist that will be included in the catalogue of the exhibition of the gallery Fernández-Braso has been edited as a complement of the sample.</p>



<p>&nbsp;CRISTINA ALMODOVAR (Madrid, 1970), is a Graduate in Fine Arts with a specialty in sculpture. Based on the work of iron, he has been making a constant technical research, multidisciplinary, combining images of inspiration natural to rational concepts, through the visual languages that about his work in the language of poetry. This proximity has led in recent years to perform multiple publications joining their works of poets and writers, and to create the book-object that gives the image to the newly created International Poetry Prize Joan Margarit, in collaboration with the Cervantes Institute and the editorial Bed Sun, recently delivered in New York, california, Sharon Olds, Pulitzer prize for poetry.</p>



<p>September 14 – October 28</p>


<p></div>
		</div><div class='yrm-btn-wrapper yrm-inline-wrapper yrm-btn-wrapper-1  yrm-more-button-wrapper'><span title='Read +' data-less-title='Leer -' data-more-title='Leer +'  class='yrm-toggle-expand  yrm-toggle-expand-1' data-rel='yrm-esiG9' data-more='Leer+' data-less='Leer -' style='border: none; width: 100%;'><span class="yrm-button-text-1 yrm-button-text-span">Read+</span></span></div>

<p>CRISTINA ALMODÓVAR.&nbsp;PLENITUD Y VACÍO La galería Fernández-Braso se complace en presentar la primera exposición de la artista&nbsp;Cristina Almodóvar&nbsp;(Madrid, 1970). La [&hellip;]</p>

<!-- This site is optimized with the Yoast SEO plugin v27.5 - https://yoast.com/product/yoast-seo-wordpress/ -->
<title>2023. Cristina Almodóvar - Galería Fernandez Braso</title>
<meta name="robots" content="index, follow, max-snippet:-1, max-image-preview:large, max-video-preview:-1" />
<link rel="canonical" href="https://galeriafernandez-braso.com/en/evento/2023-cristina-almodovar/" />
<meta property="og:locale" content="en_GB" />
<meta property="og:type" content="article" />
<meta property="og:title" content="2023. Cristina Almodóvar - Galería Fernandez Braso" />
<meta property="og:description" content="CRISTINA ALMODÓVAR.&nbsp;PLENITUD Y VACÍO La galería Fernández-Braso se complace en presentar la primera exposición de la artista&nbsp;Cristina Almodóvar&nbsp;(Madrid, 1970). La [&hellip;]" />
<meta property="og:url" content="https://galeriafernandez-braso.com/en/evento/2023-cristina-almodovar/" />
<meta property="og:site_name" content="Galería Fernandez Braso" />
<meta property="article:modified_time" content="2024-09-25T17:49:52+00:00" />
<meta property="og:image" content="https://galeriafernandez-braso.com/wp-content/uploads/2024/08/Continuidad-scaled-1.jpg" />
	<meta property="og:image:width" content="1475" />
	<meta property="og:image:height" content="2560" />
	<meta property="og:image:type" content="image/jpeg" />
<meta name="twitter:card" content="summary_large_image" />
<meta name="twitter:label1" content="Estimated reading time" />
	<meta name="twitter:data1" content="2 minutes" />
<script type="application/ld+json" class="yoast-schema-graph">{"@context":"https:\/\/schema.org","@graph":[{"@type":"WebPage","@id":"https:\/\/galeriafernandez-braso.com\/evento\/2023-cristina-almodovar\/","url":"https:\/\/galeriafernandez-braso.com\/evento\/2023-cristina-almodovar\/","name":"2023. Cristina Almodóvar - Galería Fernandez Braso","isPartOf":{"@id":"https:\/\/galeriafernandez-braso.com\/#website"},"primaryImageOfPage":{"@id":"https:\/\/galeriafernandez-braso.com\/evento\/2023-cristina-almodovar\/#primaryimage"},"image":{"@id":"https:\/\/galeriafernandez-braso.com\/evento\/2023-cristina-almodovar\/#primaryimage"},"thumbnailUrl":"https:\/\/galeriafernandez-braso.com\/wp-content\/uploads\/2024\/08\/Continuidad-scaled-1.jpg","datePublished":"2024-08-16T17:29:23+00:00","dateModified":"2024-09-25T17:49:52+00:00","breadcrumb":{"@id":"https:\/\/galeriafernandez-braso.com\/evento\/2023-cristina-almodovar\/#breadcrumb"},"inLanguage":"en-GB","potentialAction":[{"@type":"ReadAction","target":["https:\/\/galeriafernandez-braso.com\/evento\/2023-cristina-almodovar\/"]}]},{"@type":"ImageObject","inLanguage":"en-GB","@id":"https:\/\/galeriafernandez-braso.com\/evento\/2023-cristina-almodovar\/#primaryimage","url":"https:\/\/galeriafernandez-braso.com\/wp-content\/uploads\/2024\/08\/Continuidad-scaled-1.jpg","contentUrl":"https:\/\/galeriafernandez-braso.com\/wp-content\/uploads\/2024\/08\/Continuidad-scaled-1.jpg","width":1475,"height":2560},{"@type":"BreadcrumbList","@id":"https:\/\/galeriafernandez-braso.com\/evento\/2023-cristina-almodovar\/#breadcrumb","itemListElement":[{"@type":"ListItem","position":1,"name":"Portada","item":"https:\/\/galeriafernandez-braso.com\/"},{"@type":"ListItem","position":2,"name":"2023. Cristina Almodóvar"}]},{"@type":"WebSite","@id":"https:\/\/galeriafernandez-braso.com\/#website","url":"https:\/\/galeriafernandez-braso.com\/","name":"Galería Fernandez Braso","description":"","potentialAction":[{"@type":"SearchAction","target":{"@type":"EntryPoint","urlTemplate":"https:\/\/galeriafernandez-braso.com\/?s={search_term_string}"},"query-input":{"@type":"PropertyValueSpecification","valueRequired":true,"valueName":"search_term_string"}}],"inLanguage":"en-GB"}]}</script>
<!-- / Yoast SEO plugin. -->

2023. Cristina Almodóvar - Galería Fernandez Braso

CRISTINA ALMODÓVAR.&nbsp;PLENITUD Y VACÍO La galería Fernández-Braso se complace en presentar la primera exposición de la artista&nbsp;Cristina Almodóvar&nbsp;(Madrid, 1970). La [&hellip;]

Galería Fernandez Braso
