{"id":3198,"date":"2024-08-15T18:42:53","date_gmt":"2024-08-15T16:42:53","guid":{"rendered":"https:\/\/galeriafernandez-braso.com\/?post_type=evento&#038;p=3198"},"modified":"2024-09-25T19:27:59","modified_gmt":"2024-09-25T17:27:59","slug":"2020-rosa-brun","status":"publish","type":"evento","link":"https:\/\/galeriafernandez-braso.com\/en\/evento\/2020-rosa-brun\/","title":{"rendered":"2020.\u00a0Rosa Brun"},"content":{"rendered":"<h2 class=\"wp-block-heading\">Works 2019-2020<\/h2>\n\n\n\n<p><br>The art gallery Fern\u00e1ndez-Braso presents, for the second time in this space, an exhibition dedicated to the artist, Rosa Brun (Madrid, 1955). The sample is part of a program Opening 2020, organised by the Association of&nbsp;<a href=\"https:\/\/galeriafernandez-braso.com\/en\/\">Art galleries Madrid<\/a>.The exhibition is formed by a fortnight of works made in the last two years. It is a step forward in regard to the proposal shown in the last exhibition held at the gallery in 2016.<\/p>\n\n\n\n<p>In those works, the polished finish, almost industrial, the angularity of the plans and overlays and the marked interest in overcoming the notion of limit connecting the viewer with the paint contemplative, transcendental, in the wake of Rothko and Newman.<\/p>\n\n\n<div class='yrm-content yrm-content-1 yrm-content-hide' id='yrm-S6sRo' data-id='1' data-show-status='false' data-after-action='' style=\"visibility: hidden;height: 0;\">\n\t\t\t<div id='yrm-inner-content-yrm-S6sRo' class='yrm-inner-content-wrapper yrm-cntent-1'><\/p>\n\n\n\n<p>The vibrant color and contrasted, sometimes radical, in contrast, remains and stars in the new series of works, half-way between the neo-plasticism and constructivism; between the collage, relief, and painting.<\/p>\n\n\n\n<p>The appearance of plastic and industrial transforms into an interest in the qualities and natural textures. The wood and the paper passed all of its intensity material at the time that the compositions become more dynamic and fragmented, in the line of artists such as G\u00fcnther F\u00f6rg or Imi Knoebel.<br>As pointed out in 2017, Juan Manuel Bonet in the text of the catalogue of the retrospective exhibition dedicated to Rosa Brun in the CEART of Fuenlabrada, \u201cif you have gone through times that it has almost been able to seem an applied heiress of the austerity of puritan of a Donald Judd, there has been other \u2013see for example his recent exhibition in Fern\u00e1ndez-Braso- on their way to trim and question the support, of overflowing its boundaries, it could refer to a certain type of exercises, manipulation of the elements of the painting that were brand of the French house Support-Surface, as given to decompose the elements of the painting...\u201d<\/p>\n\n\n\n<p><br>Rosa Brun is a graduate in Fine Arts by the Complutense University of Madrid and a Doctorate in Fine Arts by the University of Granada. Has held exhibitions at the Palacio de los Condes de Gabia, Granada, Koldo Mitxelena Kulturunea, San Sebastian; Centro de Arte Contempor\u00e1neo, M\u00e1laga, spain; Museo Patio Herreriano, Valladolid; CEART, Fuenlabrada, Madrid; The Patricia &amp; Phillip Frost Art Museum at Florida International University, Miami; New York Public Library, New York; Museum of Contemporary Art (MACBA), Buenos Aires; Museum of Contemporary Art, Moscow, MMOMA, Moscow. In the city of Madrid has shown his work in galleries as Oliva Arauna, Pilar Serra and Fern\u00e1ndez-Braso. His work has been exhibited at the fairs &#034;The Armory Show, Art Basel\/Miami Beach&#034;, &#034;Art Chicago&#034;, &#034;Zona Maco, Mexico DF&#034; and &#034;ARCOmadrid&#034;.<br>The exhibition will open on Thursday, September 10, with the presence of the artist. Ends October 31, 2020.<\/p>\n\n\n<p><\/div>\n\t\t<\/div><div class='yrm-btn-wrapper yrm-inline-wrapper yrm-btn-wrapper-1  yrm-more-button-wrapper'><span title='Read +' data-less-title='Leer -' data-more-title='Leer +'  class='yrm-toggle-expand  yrm-toggle-expand-1' data-rel='yrm-S6sRo' data-more='Leer+' data-less='Leer -' style='border: none; width: 100%;'><span class=\"yrm-button-text-1 yrm-button-text-span\">Read+<\/span><\/span><\/div>","protected":false},"excerpt":{"rendered":"<p>Obras 2019-2020 La galer\u00eda de arte Fern\u00e1ndez-Braso presenta, por segunda vez en este espacio, una exposici\u00f3n dedicada a la artista [&hellip;]<\/p>\n","protected":false},"author":1,"featured_media":3199,"parent":0,"menu_order":0,"template":"","format":"standard","meta":{"_acf_changed":false,"_monsterinsights_skip_tracking":false,"_monsterinsights_sitenote_active":false,"_monsterinsights_sitenote_note":"","_monsterinsights_sitenote_category":0,"footnotes":""},"categories":[8],"class_list":["post-3198","evento","type-evento","status-publish","format-standard","has-post-thumbnail","hentry","category-exposiciones"],"acf":[],"yoast_head":"<!-- This site is optimized with the Yoast SEO plugin v27.4 - https:\/\/yoast.com\/product\/yoast-seo-wordpress\/ -->\n<title>2020.\u00a0Rosa Brun - Galer\u00eda Fernandez Braso<\/title>\n<meta name=\"robots\" content=\"index, follow, max-snippet:-1, max-image-preview:large, max-video-preview:-1\" \/>\n<link rel=\"canonical\" href=\"https:\/\/galeriafernandez-braso.com\/en\/evento\/2020-rosa-brun\/\" \/>\n<meta property=\"og:locale\" content=\"en_GB\" \/>\n<meta property=\"og:type\" content=\"article\" \/>\n<meta property=\"og:title\" content=\"2020.\u00a0Rosa Brun - Galer\u00eda Fernandez Braso\" \/>\n<meta property=\"og:description\" content=\"Obras 2019-2020 La galer\u00eda de arte Fern\u00e1ndez-Braso presenta, por segunda vez en este espacio, una exposici\u00f3n dedicada a la artista [&hellip;]\" \/>\n<meta property=\"og:url\" content=\"https:\/\/galeriafernandez-braso.com\/en\/evento\/2020-rosa-brun\/\" \/>\n<meta property=\"og:site_name\" content=\"Galer\u00eda Fernandez Braso\" \/>\n<meta property=\"article:modified_time\" content=\"2024-09-25T17:27:59+00:00\" \/>\n<meta property=\"og:image\" content=\"https:\/\/galeriafernandez-braso.com\/wp-content\/uploads\/2024\/08\/Teddy-200x200x11-scaled-1.jpg\" \/>\n\t<meta property=\"og:image:width\" content=\"2088\" \/>\n\t<meta property=\"og:image:height\" content=\"2560\" \/>\n\t<meta property=\"og:image:type\" content=\"image\/jpeg\" \/>\n<meta name=\"twitter:card\" content=\"summary_large_image\" \/>\n<meta name=\"twitter:label1\" content=\"Estimated reading time\" \/>\n\t<meta name=\"twitter:data1\" content=\"3 minutes\" \/>\n<script type=\"application\/ld+json\" class=\"yoast-schema-graph\">{\"@context\":\"https:\\\/\\\/schema.org\",\"@graph\":[{\"@type\":\"WebPage\",\"@id\":\"https:\\\/\\\/galeriafernandez-braso.com\\\/evento\\\/2020-rosa-brun\\\/\",\"url\":\"https:\\\/\\\/galeriafernandez-braso.com\\\/evento\\\/2020-rosa-brun\\\/\",\"name\":\"2020.\u00a0Rosa Brun - Galer\u00eda Fernandez Braso\",\"isPartOf\":{\"@id\":\"https:\\\/\\\/galeriafernandez-braso.com\\\/#website\"},\"primaryImageOfPage\":{\"@id\":\"https:\\\/\\\/galeriafernandez-braso.com\\\/evento\\\/2020-rosa-brun\\\/#primaryimage\"},\"image\":{\"@id\":\"https:\\\/\\\/galeriafernandez-braso.com\\\/evento\\\/2020-rosa-brun\\\/#primaryimage\"},\"thumbnailUrl\":\"https:\\\/\\\/galeriafernandez-braso.com\\\/wp-content\\\/uploads\\\/2024\\\/08\\\/Teddy-200x200x11-scaled-1.jpg\",\"datePublished\":\"2024-08-15T16:42:53+00:00\",\"dateModified\":\"2024-09-25T17:27:59+00:00\",\"breadcrumb\":{\"@id\":\"https:\\\/\\\/galeriafernandez-braso.com\\\/evento\\\/2020-rosa-brun\\\/#breadcrumb\"},\"inLanguage\":\"en-GB\",\"potentialAction\":[{\"@type\":\"ReadAction\",\"target\":[\"https:\\\/\\\/galeriafernandez-braso.com\\\/evento\\\/2020-rosa-brun\\\/\"]}]},{\"@type\":\"ImageObject\",\"inLanguage\":\"en-GB\",\"@id\":\"https:\\\/\\\/galeriafernandez-braso.com\\\/evento\\\/2020-rosa-brun\\\/#primaryimage\",\"url\":\"https:\\\/\\\/galeriafernandez-braso.com\\\/wp-content\\\/uploads\\\/2024\\\/08\\\/Teddy-200x200x11-scaled-1.jpg\",\"contentUrl\":\"https:\\\/\\\/galeriafernandez-braso.com\\\/wp-content\\\/uploads\\\/2024\\\/08\\\/Teddy-200x200x11-scaled-1.jpg\",\"width\":2088,\"height\":2560},{\"@type\":\"BreadcrumbList\",\"@id\":\"https:\\\/\\\/galeriafernandez-braso.com\\\/evento\\\/2020-rosa-brun\\\/#breadcrumb\",\"itemListElement\":[{\"@type\":\"ListItem\",\"position\":1,\"name\":\"Portada\",\"item\":\"https:\\\/\\\/galeriafernandez-braso.com\\\/\"},{\"@type\":\"ListItem\",\"position\":2,\"name\":\"2020.\u00a0Rosa Brun\"}]},{\"@type\":\"WebSite\",\"@id\":\"https:\\\/\\\/galeriafernandez-braso.com\\\/#website\",\"url\":\"https:\\\/\\\/galeriafernandez-braso.com\\\/\",\"name\":\"Galer\u00eda Fernandez Braso\",\"description\":\"\",\"potentialAction\":[{\"@type\":\"SearchAction\",\"target\":{\"@type\":\"EntryPoint\",\"urlTemplate\":\"https:\\\/\\\/galeriafernandez-braso.com\\\/?s={search_term_string}\"},\"query-input\":{\"@type\":\"PropertyValueSpecification\",\"valueRequired\":true,\"valueName\":\"search_term_string\"}}],\"inLanguage\":\"en-GB\"}]}<\/script>\n<!-- \/ Yoast SEO plugin. -->","yoast_head_json":{"title":"2020.\u00a0Rosa Brun - Galer\u00eda Fernandez Braso","robots":{"index":"index","follow":"follow","max-snippet":"max-snippet:-1","max-image-preview":"max-image-preview:large","max-video-preview":"max-video-preview:-1"},"canonical":"https:\/\/galeriafernandez-braso.com\/en\/evento\/2020-rosa-brun\/","og_locale":"en_GB","og_type":"article","og_title":"2020.\u00a0Rosa Brun - Galer\u00eda Fernandez Braso","og_description":"Obras 2019-2020 La galer\u00eda de arte Fern\u00e1ndez-Braso presenta, por segunda vez en este espacio, una exposici\u00f3n dedicada a la artista [&hellip;]","og_url":"https:\/\/galeriafernandez-braso.com\/en\/evento\/2020-rosa-brun\/","og_site_name":"Galer\u00eda Fernandez Braso","article_modified_time":"2024-09-25T17:27:59+00:00","og_image":[{"width":2088,"height":2560,"url":"https:\/\/galeriafernandez-braso.com\/wp-content\/uploads\/2024\/08\/Teddy-200x200x11-scaled-1.jpg","type":"image\/jpeg"}],"twitter_card":"summary_large_image","twitter_misc":{"Estimated reading time":"3 minutes"},"schema":{"@context":"https:\/\/schema.org","@graph":[{"@type":"WebPage","@id":"https:\/\/galeriafernandez-braso.com\/evento\/2020-rosa-brun\/","url":"https:\/\/galeriafernandez-braso.com\/evento\/2020-rosa-brun\/","name":"2020.\u00a0Rosa Brun - Galer\u00eda Fernandez Braso","isPartOf":{"@id":"https:\/\/galeriafernandez-braso.com\/#website"},"primaryImageOfPage":{"@id":"https:\/\/galeriafernandez-braso.com\/evento\/2020-rosa-brun\/#primaryimage"},"image":{"@id":"https:\/\/galeriafernandez-braso.com\/evento\/2020-rosa-brun\/#primaryimage"},"thumbnailUrl":"https:\/\/galeriafernandez-braso.com\/wp-content\/uploads\/2024\/08\/Teddy-200x200x11-scaled-1.jpg","datePublished":"2024-08-15T16:42:53+00:00","dateModified":"2024-09-25T17:27:59+00:00","breadcrumb":{"@id":"https:\/\/galeriafernandez-braso.com\/evento\/2020-rosa-brun\/#breadcrumb"},"inLanguage":"en-GB","potentialAction":[{"@type":"ReadAction","target":["https:\/\/galeriafernandez-braso.com\/evento\/2020-rosa-brun\/"]}]},{"@type":"ImageObject","inLanguage":"en-GB","@id":"https:\/\/galeriafernandez-braso.com\/evento\/2020-rosa-brun\/#primaryimage","url":"https:\/\/galeriafernandez-braso.com\/wp-content\/uploads\/2024\/08\/Teddy-200x200x11-scaled-1.jpg","contentUrl":"https:\/\/galeriafernandez-braso.com\/wp-content\/uploads\/2024\/08\/Teddy-200x200x11-scaled-1.jpg","width":2088,"height":2560},{"@type":"BreadcrumbList","@id":"https:\/\/galeriafernandez-braso.com\/evento\/2020-rosa-brun\/#breadcrumb","itemListElement":[{"@type":"ListItem","position":1,"name":"Portada","item":"https:\/\/galeriafernandez-braso.com\/"},{"@type":"ListItem","position":2,"name":"2020.\u00a0Rosa Brun"}]},{"@type":"WebSite","@id":"https:\/\/galeriafernandez-braso.com\/#website","url":"https:\/\/galeriafernandez-braso.com\/","name":"Galer\u00eda Fernandez Braso","description":"","potentialAction":[{"@type":"SearchAction","target":{"@type":"EntryPoint","urlTemplate":"https:\/\/galeriafernandez-braso.com\/?s={search_term_string}"},"query-input":{"@type":"PropertyValueSpecification","valueRequired":true,"valueName":"search_term_string"}}],"inLanguage":"en-GB"}]}},"_links":{"self":[{"href":"https:\/\/galeriafernandez-braso.com\/en\/wp-json\/wp\/v2\/evento\/3198","targetHints":{"allow":["GET"]}}],"collection":[{"href":"https:\/\/galeriafernandez-braso.com\/en\/wp-json\/wp\/v2\/evento"}],"about":[{"href":"https:\/\/galeriafernandez-braso.com\/en\/wp-json\/wp\/v2\/types\/evento"}],"author":[{"embeddable":true,"href":"https:\/\/galeriafernandez-braso.com\/en\/wp-json\/wp\/v2\/users\/1"}],"version-history":[{"count":3,"href":"https:\/\/galeriafernandez-braso.com\/en\/wp-json\/wp\/v2\/evento\/3198\/revisions"}],"predecessor-version":[{"id":4828,"href":"https:\/\/galeriafernandez-braso.com\/en\/wp-json\/wp\/v2\/evento\/3198\/revisions\/4828"}],"wp:featuredmedia":[{"embeddable":true,"href":"https:\/\/galeriafernandez-braso.com\/en\/wp-json\/wp\/v2\/media\/3199"}],"wp:attachment":[{"href":"https:\/\/galeriafernandez-braso.com\/en\/wp-json\/wp\/v2\/media?parent=3198"}],"wp:term":[{"taxonomy":"category","embeddable":true,"href":"https:\/\/galeriafernandez-braso.com\/en\/wp-json\/wp\/v2\/categories?post=3198"}],"curies":[{"name":"wp","href":"https:\/\/api.w.org\/{rel}","templated":true}]}}

<h2 class="wp-block-heading">Works 2019-2020</h2>



<p><br>The art gallery Fernández-Braso presents, for the second time in this space, an exhibition dedicated to the artist, Rosa Brun (Madrid, 1955). The sample is part of a program Opening 2020, organised by the Association of&nbsp;<a href="https://galeriafernandez-braso.com/en/">Art galleries Madrid</a>.The exhibition is formed by a fortnight of works made in the last two years. It is a step forward in regard to the proposal shown in the last exhibition held at the gallery in 2016.</p>



<p>In those works, the polished finish, almost industrial, the angularity of the plans and overlays and the marked interest in overcoming the notion of limit connecting the viewer with the paint contemplative, transcendental, in the wake of Rothko and Newman.</p>


<div class='yrm-content yrm-content-1 yrm-content-hide' id='yrm-S6sRo' data-id='1' data-show-status='false' data-after-action='' style="visibility: hidden;height: 0;">
			<div id='yrm-inner-content-yrm-S6sRo' class='yrm-inner-content-wrapper yrm-cntent-1'></p>



<p>The vibrant color and contrasted, sometimes radical, in contrast, remains and stars in the new series of works, half-way between the neo-plasticism and constructivism; between the collage, relief, and painting.</p>



<p>The appearance of plastic and industrial transforms into an interest in the qualities and natural textures. The wood and the paper passed all of its intensity material at the time that the compositions become more dynamic and fragmented, in the line of artists such as Günther Förg or Imi Knoebel.<br>As pointed out in 2017, Juan Manuel Bonet in the text of the catalogue of the retrospective exhibition dedicated to Rosa Brun in the CEART of Fuenlabrada, “if you have gone through times that it has almost been able to seem an applied heiress of the austerity of puritan of a Donald Judd, there has been other –see for example his recent exhibition in Fernández-Braso- on their way to trim and question the support, of overflowing its boundaries, it could refer to a certain type of exercises, manipulation of the elements of the painting that were brand of the French house Support-Surface, as given to decompose the elements of the painting...”</p>



<p><br>Rosa Brun is a graduate in Fine Arts by the Complutense University of Madrid and a Doctorate in Fine Arts by the University of Granada. Has held exhibitions at the Palacio de los Condes de Gabia, Granada, Koldo Mitxelena Kulturunea, San Sebastian; Centro de Arte Contemporáneo, Málaga, spain; Museo Patio Herreriano, Valladolid; CEART, Fuenlabrada, Madrid; The Patricia &amp; Phillip Frost Art Museum at Florida International University, Miami; New York Public Library, New York; Museum of Contemporary Art (MACBA), Buenos Aires; Museum of Contemporary Art, Moscow, MMOMA, Moscow. In the city of Madrid has shown his work in galleries as Oliva Arauna, Pilar Serra and Fernández-Braso. His work has been exhibited at the fairs &#034;The Armory Show, Art Basel/Miami Beach&#034;, &#034;Art Chicago&#034;, &#034;Zona Maco, Mexico DF&#034; and &#034;ARCOmadrid&#034;.<br>The exhibition will open on Thursday, September 10, with the presence of the artist. Ends October 31, 2020.</p>


<p></div>
		</div><div class='yrm-btn-wrapper yrm-inline-wrapper yrm-btn-wrapper-1  yrm-more-button-wrapper'><span title='Read +' data-less-title='Leer -' data-more-title='Leer +'  class='yrm-toggle-expand  yrm-toggle-expand-1' data-rel='yrm-S6sRo' data-more='Leer+' data-less='Leer -' style='border: none; width: 100%;'><span class="yrm-button-text-1 yrm-button-text-span">Read+</span></span></div>

<p>Obras 2019-2020 La galería de arte Fernández-Braso presenta, por segunda vez en este espacio, una exposición dedicada a la artista [&hellip;]</p>

<!-- This site is optimized with the Yoast SEO plugin v27.4 - https://yoast.com/product/yoast-seo-wordpress/ -->
<title>2020. Rosa Brun - Galería Fernandez Braso</title>
<meta name="robots" content="index, follow, max-snippet:-1, max-image-preview:large, max-video-preview:-1" />
<link rel="canonical" href="https://galeriafernandez-braso.com/en/evento/2020-rosa-brun/" />
<meta property="og:locale" content="en_GB" />
<meta property="og:type" content="article" />
<meta property="og:title" content="2020. Rosa Brun - Galería Fernandez Braso" />
<meta property="og:description" content="Obras 2019-2020 La galería de arte Fernández-Braso presenta, por segunda vez en este espacio, una exposición dedicada a la artista [&hellip;]" />
<meta property="og:url" content="https://galeriafernandez-braso.com/en/evento/2020-rosa-brun/" />
<meta property="og:site_name" content="Galería Fernandez Braso" />
<meta property="article:modified_time" content="2024-09-25T17:27:59+00:00" />
<meta property="og:image" content="https://galeriafernandez-braso.com/wp-content/uploads/2024/08/Teddy-200x200x11-scaled-1.jpg" />
	<meta property="og:image:width" content="2088" />
	<meta property="og:image:height" content="2560" />
	<meta property="og:image:type" content="image/jpeg" />
<meta name="twitter:card" content="summary_large_image" />
<meta name="twitter:label1" content="Estimated reading time" />
	<meta name="twitter:data1" content="3 minutes" />
<script type="application/ld+json" class="yoast-schema-graph">{"@context":"https:\/\/schema.org","@graph":[{"@type":"WebPage","@id":"https:\/\/galeriafernandez-braso.com\/evento\/2020-rosa-brun\/","url":"https:\/\/galeriafernandez-braso.com\/evento\/2020-rosa-brun\/","name":"2020. Rosa Brun - Galería Fernandez Braso","isPartOf":{"@id":"https:\/\/galeriafernandez-braso.com\/#website"},"primaryImageOfPage":{"@id":"https:\/\/galeriafernandez-braso.com\/evento\/2020-rosa-brun\/#primaryimage"},"image":{"@id":"https:\/\/galeriafernandez-braso.com\/evento\/2020-rosa-brun\/#primaryimage"},"thumbnailUrl":"https:\/\/galeriafernandez-braso.com\/wp-content\/uploads\/2024\/08\/Teddy-200x200x11-scaled-1.jpg","datePublished":"2024-08-15T16:42:53+00:00","dateModified":"2024-09-25T17:27:59+00:00","breadcrumb":{"@id":"https:\/\/galeriafernandez-braso.com\/evento\/2020-rosa-brun\/#breadcrumb"},"inLanguage":"en-GB","potentialAction":[{"@type":"ReadAction","target":["https:\/\/galeriafernandez-braso.com\/evento\/2020-rosa-brun\/"]}]},{"@type":"ImageObject","inLanguage":"en-GB","@id":"https:\/\/galeriafernandez-braso.com\/evento\/2020-rosa-brun\/#primaryimage","url":"https:\/\/galeriafernandez-braso.com\/wp-content\/uploads\/2024\/08\/Teddy-200x200x11-scaled-1.jpg","contentUrl":"https:\/\/galeriafernandez-braso.com\/wp-content\/uploads\/2024\/08\/Teddy-200x200x11-scaled-1.jpg","width":2088,"height":2560},{"@type":"BreadcrumbList","@id":"https:\/\/galeriafernandez-braso.com\/evento\/2020-rosa-brun\/#breadcrumb","itemListElement":[{"@type":"ListItem","position":1,"name":"Portada","item":"https:\/\/galeriafernandez-braso.com\/"},{"@type":"ListItem","position":2,"name":"2020. Rosa Brun"}]},{"@type":"WebSite","@id":"https:\/\/galeriafernandez-braso.com\/#website","url":"https:\/\/galeriafernandez-braso.com\/","name":"Galería Fernandez Braso","description":"","potentialAction":[{"@type":"SearchAction","target":{"@type":"EntryPoint","urlTemplate":"https:\/\/galeriafernandez-braso.com\/?s={search_term_string}"},"query-input":{"@type":"PropertyValueSpecification","valueRequired":true,"valueName":"search_term_string"}}],"inLanguage":"en-GB"}]}</script>
<!-- / Yoast SEO plugin. -->

2020. Rosa Brun - Galería Fernandez Braso

Obras 2019-2020 La galería de arte Fernández-Braso presenta, por segunda vez en este espacio, una exposición dedicada a la artista [&hellip;]

Galería Fernandez Braso
